{"id":973,"date":"2024-07-26T11:51:31","date_gmt":"2024-07-26T14:51:31","guid":{"rendered":"https:\/\/bellocapricho.com.br\/loja\/?post_type=product&#038;p=973"},"modified":"2026-04-04T10:46:48","modified_gmt":"2026-04-04T13:46:48","slug":"toalha-de-papel-snob-2-rolos-com-60-toalhas-19cm-x-20cm","status":"publish","type":"product","link":"https:\/\/bellocapricho.com.br\/loja\/index.php\/produto\/toalha-de-papel-snob-2-rolos-com-60-toalhas-19cm-x-20cm\/","title":{"rendered":"Toalha de Papel SNOB 2 Rolos com 60 Toalhas 19cm x 20cm"},"content":{"rendered":"<p>Toalha de Papel SNOB 2 Rolos com 60 Toalhas<\/p>\n<p>19cm x 20cm<\/p>\n<p>120 Toalhas<\/p>\n<p>C\u00edrculos de Absor\u00e7\u00e3o<\/p>\n<p>Mais resistente mesmo molhada<\/p>\n","protected":false},"excerpt":{"rendered":"<p>Toalha de Papel SNOB 2 Rolos com 60 Toalhas 19cm x 20cm 120 Toalhas C\u00edrculos de Absor\u00e7\u00e3o Mais resistente mesmo molhada<\/p>\n","protected":false},"featured_media":975,"template":"","meta":[],"product_brand":[],"product_cat":[53,70],"product_tag":[],"class_list":{"0":"post-973","1":"product","2":"type-product","3":"status-publish","4":"has-post-thumbnail","6":"product_cat-multiusos","7":"product_cat-papeis","9":"first","10":"outofstock","11":"shipping-taxable","12":"purchasable","13":"product-type-simple"},"_links":{"self":[{"href":"https:\/\/bellocapricho.com.br\/loja\/index.php\/wp-json\/wp\/v2\/product\/973","targetHints":{"allow":["GET"]}}],"collection":[{"href":"https:\/\/bellocapricho.com.br\/loja\/index.php\/wp-json\/wp\/v2\/product"}],"about":[{"href":"https:\/\/bellocapricho.com.br\/loja\/index.php\/wp-json\/wp\/v2\/types\/product"}],"wp:featuredmedia":[{"embeddable":true,"href":"https:\/\/bellocapricho.com.br\/loja\/index.php\/wp-json\/wp\/v2\/media\/975"}],"wp:attachment":[{"href":"https:\/\/bellocapricho.com.br\/loja\/index.php\/wp-json\/wp\/v2\/media?parent=973"}],"wp:term":[{"taxonomy":"product_brand","embeddable":true,"href":"https:\/\/bellocapricho.com.br\/loja\/index.php\/wp-json\/wp\/v2\/product_brand?post=973"},{"taxonomy":"product_cat","embeddable":true,"href":"https:\/\/bellocapricho.com.br\/loja\/index.php\/wp-json\/wp\/v2\/product_cat?post=973"},{"taxonomy":"product_tag","embeddable":true,"href":"https:\/\/bellocapricho.com.br\/loja\/index.php\/wp-json\/wp\/v2\/product_tag?post=973"}],"curies":[{"name":"wp","href":"https:\/\/api.w.org\/{rel}","templated":true}]}}