{"id":958,"date":"2024-07-26T11:04:57","date_gmt":"2024-07-26T14:04:57","guid":{"rendered":"https:\/\/bellocapricho.com.br\/loja\/?post_type=product&#038;p=958"},"modified":"2026-04-04T18:35:04","modified_gmt":"2026-04-04T21:35:04","slug":"papel-higienico-rolao-300metros-8-rolos-kirius","status":"publish","type":"product","link":"https:\/\/bellocapricho.com.br\/loja\/index.php\/produto\/papel-higienico-rolao-300metros-8-rolos-kirius\/","title":{"rendered":"Papel Higi\u00eanico Rol\u00e3o 300metros 8 Rolos Kirius"},"content":{"rendered":"<p>Papel Higi\u00eanico Rol\u00e3o 300metros 8 Rolos Kirius &#8211; Luxo<\/p>\n<p>&nbsp;<\/p>\n<p>Folhas Simples<\/p>\n<p>Alta Qualidade<\/p>\n<p>Macio e Absorvente<\/p>\n<p>Produto n\u00e3o perec\u00edvel<\/p>\n<p>Conservar em local seco<\/p>\n<p>100% Fibras Celul\u00f3sicas<\/p>\n<p>Validadee Indeterminada<\/p>\n","protected":false},"excerpt":{"rendered":"<p>Papel Higi\u00eanico Rol\u00e3o 300metros 8 Rolos Kirius &#8211; Luxo &nbsp; Folhas Simples Alta Qualidade Macio e Absorvente Produto n\u00e3o perec\u00edvel Conservar em local seco 100% Fibras Celul\u00f3sicas Validadee Indeterminada<\/p>\n","protected":false},"featured_media":968,"template":"","meta":[],"product_brand":[],"product_cat":[52,70],"product_tag":[],"class_list":{"0":"post-958","1":"product","2":"type-product","3":"status-publish","4":"has-post-thumbnail","6":"product_cat-diversos","7":"product_cat-papeis","9":"first","10":"instock","11":"shipping-taxable","12":"purchasable","13":"product-type-simple"},"_links":{"self":[{"href":"https:\/\/bellocapricho.com.br\/loja\/index.php\/wp-json\/wp\/v2\/product\/958","targetHints":{"allow":["GET"]}}],"collection":[{"href":"https:\/\/bellocapricho.com.br\/loja\/index.php\/wp-json\/wp\/v2\/product"}],"about":[{"href":"https:\/\/bellocapricho.com.br\/loja\/index.php\/wp-json\/wp\/v2\/types\/product"}],"wp:featuredmedia":[{"embeddable":true,"href":"https:\/\/bellocapricho.com.br\/loja\/index.php\/wp-json\/wp\/v2\/media\/968"}],"wp:attachment":[{"href":"https:\/\/bellocapricho.com.br\/loja\/index.php\/wp-json\/wp\/v2\/media?parent=958"}],"wp:term":[{"taxonomy":"product_brand","embeddable":true,"href":"https:\/\/bellocapricho.com.br\/loja\/index.php\/wp-json\/wp\/v2\/product_brand?post=958"},{"taxonomy":"product_cat","embeddable":true,"href":"https:\/\/bellocapricho.com.br\/loja\/index.php\/wp-json\/wp\/v2\/product_cat?post=958"},{"taxonomy":"product_tag","embeddable":true,"href":"https:\/\/bellocapricho.com.br\/loja\/index.php\/wp-json\/wp\/v2\/product_tag?post=958"}],"curies":[{"name":"wp","href":"https:\/\/api.w.org\/{rel}","templated":true}]}}