{"id":923,"date":"2024-07-26T09:41:18","date_gmt":"2024-07-26T12:41:18","guid":{"rendered":"https:\/\/bellocapricho.com.br\/loja\/?post_type=product&#038;p=923"},"modified":"2026-04-04T18:25:10","modified_gmt":"2026-04-04T21:25:10","slug":"papel-higienico-elite-premium-folha-tripla-soft-12-rolos","status":"publish","type":"product","link":"https:\/\/bellocapricho.com.br\/loja\/index.php\/produto\/papel-higienico-elite-premium-folha-tripla-soft-12-rolos\/","title":{"rendered":"Papel Higi\u00eanico Elite Premium Folha Tripla Soft 12 rolos"},"content":{"rendered":"<p>O Papel Higi\u00eanico Elite Soft &amp; Strong Folha Tripla \u00e9 um produto de alta qualidade premium produzido com fibras 100% naturais. S\u00e3o 3 camadas de papel para m\u00e1xima suavidade, conforto e seguran\u00e7a especialmente para voc\u00ea e para a sua fam\u00edlia.<\/p>\n<p>* M\u00e1xima suavidade<\/p>\n<p>* Maior resist\u00eancia<\/p>\n<p>* Brancura<\/p>\n","protected":false},"excerpt":{"rendered":"<p>O Papel Higi\u00eanico Elite Soft &amp; Strong Folha Tripla \u00e9 um produto de alta qualidade premium produzido com fibras 100% naturais. S\u00e3o 3 camadas de papel para m\u00e1xima suavidade, conforto e seguran\u00e7a especialmente para voc\u00ea e para a sua fam\u00edlia. * M\u00e1xima suavidade * Maior&hellip;<\/p>\n","protected":false},"featured_media":924,"template":"","meta":[],"product_brand":[],"product_cat":[52,70],"product_tag":[],"class_list":{"0":"post-923","1":"product","2":"type-product","3":"status-publish","4":"has-post-thumbnail","6":"product_cat-diversos","7":"product_cat-papeis","9":"first","10":"outofstock","11":"shipping-taxable","12":"purchasable","13":"product-type-simple"},"_links":{"self":[{"href":"https:\/\/bellocapricho.com.br\/loja\/index.php\/wp-json\/wp\/v2\/product\/923","targetHints":{"allow":["GET"]}}],"collection":[{"href":"https:\/\/bellocapricho.com.br\/loja\/index.php\/wp-json\/wp\/v2\/product"}],"about":[{"href":"https:\/\/bellocapricho.com.br\/loja\/index.php\/wp-json\/wp\/v2\/types\/product"}],"wp:featuredmedia":[{"embeddable":true,"href":"https:\/\/bellocapricho.com.br\/loja\/index.php\/wp-json\/wp\/v2\/media\/924"}],"wp:attachment":[{"href":"https:\/\/bellocapricho.com.br\/loja\/index.php\/wp-json\/wp\/v2\/media?parent=923"}],"wp:term":[{"taxonomy":"product_brand","embeddable":true,"href":"https:\/\/bellocapricho.com.br\/loja\/index.php\/wp-json\/wp\/v2\/product_brand?post=923"},{"taxonomy":"product_cat","embeddable":true,"href":"https:\/\/bellocapricho.com.br\/loja\/index.php\/wp-json\/wp\/v2\/product_cat?post=923"},{"taxonomy":"product_tag","embeddable":true,"href":"https:\/\/bellocapricho.com.br\/loja\/index.php\/wp-json\/wp\/v2\/product_tag?post=923"}],"curies":[{"name":"wp","href":"https:\/\/api.w.org\/{rel}","templated":true}]}}