{"id":896,"date":"2024-07-26T01:31:10","date_gmt":"2024-07-26T04:31:10","guid":{"rendered":"https:\/\/bellocapricho.com.br\/loja\/?post_type=product&#038;p=896"},"modified":"2026-04-05T00:05:39","modified_gmt":"2026-04-05T03:05:39","slug":"limpador-fresh-lemon-500ml-original-ajax","status":"publish","type":"product","link":"https:\/\/bellocapricho.com.br\/loja\/index.php\/produto\/limpador-fresh-lemon-500ml-original-ajax\/","title":{"rendered":"Limpador Fresh Original 500ml Ajax"},"content":{"rendered":"<p>Ajax<sup>\u00ae<\/sup>\u00a0Fresh Proporciona uma limpeza pesada sem agredir as superf\u00edcies.<\/p>\n<p>Deixa sua casa com um agrad\u00e1vel cheirinho de limpeza.<\/p>\n<p>Desifentante dilu\u00edvel em \u00e1gua, com excelente rendimento.<\/p>\n<p>Garante um brilho intenso sem res\u00edduos.<\/p>\n<p>\u00c9 indicado para limpeza geral de pisos, azulejos, vidros, cer\u00e2micas e superf\u00edcies lav\u00e1veis.<\/p>\n<p>500ml<\/p>\n","protected":false},"excerpt":{"rendered":"<p>Ajax\u00ae\u00a0Fresh Proporciona uma limpeza pesada sem agredir as superf\u00edcies. Deixa sua casa com um agrad\u00e1vel cheirinho de limpeza. Desifentante dilu\u00edvel em \u00e1gua, com excelente rendimento. Garante um brilho intenso sem res\u00edduos. \u00c9 indicado para limpeza geral de pisos, azulejos, vidros, cer\u00e2micas e superf\u00edcies lav\u00e1veis. 500ml<\/p>\n","protected":false},"featured_media":901,"template":"","meta":[],"product_brand":[],"product_cat":[54,53,19],"product_tag":[],"class_list":{"0":"post-896","1":"product","2":"type-product","3":"status-publish","4":"has-post-thumbnail","6":"product_cat-limpeza-diaria","7":"product_cat-multiusos","8":"product_cat-limpeza-pesada","10":"first","11":"instock","12":"shipping-taxable","13":"purchasable","14":"product-type-simple"},"_links":{"self":[{"href":"https:\/\/bellocapricho.com.br\/loja\/index.php\/wp-json\/wp\/v2\/product\/896","targetHints":{"allow":["GET"]}}],"collection":[{"href":"https:\/\/bellocapricho.com.br\/loja\/index.php\/wp-json\/wp\/v2\/product"}],"about":[{"href":"https:\/\/bellocapricho.com.br\/loja\/index.php\/wp-json\/wp\/v2\/types\/product"}],"wp:featuredmedia":[{"embeddable":true,"href":"https:\/\/bellocapricho.com.br\/loja\/index.php\/wp-json\/wp\/v2\/media\/901"}],"wp:attachment":[{"href":"https:\/\/bellocapricho.com.br\/loja\/index.php\/wp-json\/wp\/v2\/media?parent=896"}],"wp:term":[{"taxonomy":"product_brand","embeddable":true,"href":"https:\/\/bellocapricho.com.br\/loja\/index.php\/wp-json\/wp\/v2\/product_brand?post=896"},{"taxonomy":"product_cat","embeddable":true,"href":"https:\/\/bellocapricho.com.br\/loja\/index.php\/wp-json\/wp\/v2\/product_cat?post=896"},{"taxonomy":"product_tag","embeddable":true,"href":"https:\/\/bellocapricho.com.br\/loja\/index.php\/wp-json\/wp\/v2\/product_tag?post=896"}],"curies":[{"name":"wp","href":"https:\/\/api.w.org\/{rel}","templated":true}]}}