{"id":875,"date":"2024-07-26T01:04:54","date_gmt":"2024-07-26T04:04:54","guid":{"rendered":"https:\/\/bellocapricho.com.br\/loja\/?post_type=product&#038;p=875"},"modified":"2026-04-04T19:55:20","modified_gmt":"2026-04-04T22:55:20","slug":"limpa-pisos-destac-madeiras-750-ml-lavanda-e-vanilla","status":"publish","type":"product","link":"https:\/\/bellocapricho.com.br\/loja\/index.php\/produto\/limpa-pisos-destac-madeiras-750-ml-lavanda-e-vanilla\/","title":{"rendered":"Limpa Pisos Destac Madeiras 750 ml &#8211; Lavanda e Vanilla"},"content":{"rendered":"<p><span class=\"a-list-item\">Destac Madeiras \u00e9 o Limpa Piso 3 em 1 que limpa, perfuma e d\u00e1 brilho no seu piso de madeira de uma s\u00f3 vez. Especialista em todos tipos de piso de madeira tratados com sinteco, cascolac e similares.<\/span><\/p>\n","protected":false},"excerpt":{"rendered":"<p>Destac Madeiras \u00e9 o Limpa Piso 3 em 1 que limpa, perfuma e d\u00e1 brilho no seu piso de madeira de uma s\u00f3 vez. Especialista em todos tipos de piso de madeira tratados com sinteco, cascolac e similares.<\/p>\n","protected":false},"featured_media":877,"template":"","meta":[],"product_brand":[],"product_cat":[67],"product_tag":[],"class_list":{"0":"post-875","1":"product","2":"type-product","3":"status-publish","4":"has-post-thumbnail","6":"product_cat-limpa-pisos","8":"first","9":"outofstock","10":"shipping-taxable","11":"purchasable","12":"product-type-simple"},"_links":{"self":[{"href":"https:\/\/bellocapricho.com.br\/loja\/index.php\/wp-json\/wp\/v2\/product\/875","targetHints":{"allow":["GET"]}}],"collection":[{"href":"https:\/\/bellocapricho.com.br\/loja\/index.php\/wp-json\/wp\/v2\/product"}],"about":[{"href":"https:\/\/bellocapricho.com.br\/loja\/index.php\/wp-json\/wp\/v2\/types\/product"}],"wp:featuredmedia":[{"embeddable":true,"href":"https:\/\/bellocapricho.com.br\/loja\/index.php\/wp-json\/wp\/v2\/media\/877"}],"wp:attachment":[{"href":"https:\/\/bellocapricho.com.br\/loja\/index.php\/wp-json\/wp\/v2\/media?parent=875"}],"wp:term":[{"taxonomy":"product_brand","embeddable":true,"href":"https:\/\/bellocapricho.com.br\/loja\/index.php\/wp-json\/wp\/v2\/product_brand?post=875"},{"taxonomy":"product_cat","embeddable":true,"href":"https:\/\/bellocapricho.com.br\/loja\/index.php\/wp-json\/wp\/v2\/product_cat?post=875"},{"taxonomy":"product_tag","embeddable":true,"href":"https:\/\/bellocapricho.com.br\/loja\/index.php\/wp-json\/wp\/v2\/product_tag?post=875"}],"curies":[{"name":"wp","href":"https:\/\/api.w.org\/{rel}","templated":true}]}}