{"id":871,"date":"2024-07-26T01:01:36","date_gmt":"2024-07-26T04:01:36","guid":{"rendered":"https:\/\/bellocapricho.com.br\/loja\/?post_type=product&#038;p=871"},"modified":"2026-04-04T12:57:12","modified_gmt":"2026-04-04T15:57:12","slug":"limpol-limpa-pisos-laminados-bombril-750-ml-flor-de-laranjeira","status":"publish","type":"product","link":"https:\/\/bellocapricho.com.br\/loja\/index.php\/produto\/limpol-limpa-pisos-laminados-bombril-750-ml-flor-de-laranjeira\/","title":{"rendered":"Limpol Limpa Pisos Laminados Bombril 750 ml &#8211; Flor de Laranjeira"},"content":{"rendered":"<p>Os limpadores de Pisos, al\u00e9m de entregarem uma agrad\u00e1vel perfuma\u00e7\u00e3o, formam uma fina camada de prote\u00e7\u00e3o que torna mais f\u00e1cil varrer e limpar.<\/p>\n","protected":false},"excerpt":{"rendered":"<p>Os limpadores de Pisos, al\u00e9m de entregarem uma agrad\u00e1vel perfuma\u00e7\u00e3o, formam uma fina camada de prote\u00e7\u00e3o que torna mais f\u00e1cil varrer e limpar.<\/p>\n","protected":false},"featured_media":873,"template":"","meta":[],"product_brand":[],"product_cat":[67],"product_tag":[],"class_list":{"0":"post-871","1":"product","2":"type-product","3":"status-publish","4":"has-post-thumbnail","6":"product_cat-limpa-pisos","8":"first","9":"instock","10":"shipping-taxable","11":"purchasable","12":"product-type-simple"},"_links":{"self":[{"href":"https:\/\/bellocapricho.com.br\/loja\/index.php\/wp-json\/wp\/v2\/product\/871","targetHints":{"allow":["GET"]}}],"collection":[{"href":"https:\/\/bellocapricho.com.br\/loja\/index.php\/wp-json\/wp\/v2\/product"}],"about":[{"href":"https:\/\/bellocapricho.com.br\/loja\/index.php\/wp-json\/wp\/v2\/types\/product"}],"wp:featuredmedia":[{"embeddable":true,"href":"https:\/\/bellocapricho.com.br\/loja\/index.php\/wp-json\/wp\/v2\/media\/873"}],"wp:attachment":[{"href":"https:\/\/bellocapricho.com.br\/loja\/index.php\/wp-json\/wp\/v2\/media?parent=871"}],"wp:term":[{"taxonomy":"product_brand","embeddable":true,"href":"https:\/\/bellocapricho.com.br\/loja\/index.php\/wp-json\/wp\/v2\/product_brand?post=871"},{"taxonomy":"product_cat","embeddable":true,"href":"https:\/\/bellocapricho.com.br\/loja\/index.php\/wp-json\/wp\/v2\/product_cat?post=871"},{"taxonomy":"product_tag","embeddable":true,"href":"https:\/\/bellocapricho.com.br\/loja\/index.php\/wp-json\/wp\/v2\/product_tag?post=871"}],"curies":[{"name":"wp","href":"https:\/\/api.w.org\/{rel}","templated":true}]}}