{"id":848,"date":"2024-07-26T00:39:22","date_gmt":"2024-07-26T03:39:22","guid":{"rendered":"https:\/\/bellocapricho.com.br\/loja\/?post_type=product&#038;p=848"},"modified":"2026-04-04T10:30:05","modified_gmt":"2026-04-04T13:30:05","slug":"lustra-moveis-ype-brilho-multissuperficies-200-ml-jasmim","status":"publish","type":"product","link":"https:\/\/bellocapricho.com.br\/loja\/index.php\/produto\/lustra-moveis-ype-brilho-multissuperficies-200-ml-jasmim\/","title":{"rendered":"Lustra M\u00f3veis Yp\u00ea Brilho Multissuperf\u00edcies 200 ml &#8211; Jasmim"},"content":{"rendered":"<p>O lustra-m\u00f3veis Yp\u00ea \u00e9 o verdadeiro aliado da casa moderna. Ele cuida dos seus m\u00f3veis com o mesmo carinho que voc\u00ea tem pela sua decora\u00e7\u00e3o. Seja qual for o seu estilo, ele \u00e9 capaz de proporcionar um brilho intenso e perfuma\u00e7\u00e3o prolongada.<\/p>\n","protected":false},"excerpt":{"rendered":"<p>O lustra-m\u00f3veis Yp\u00ea \u00e9 o verdadeiro aliado da casa moderna. Ele cuida dos seus m\u00f3veis com o mesmo carinho que voc\u00ea tem pela sua decora\u00e7\u00e3o. Seja qual for o seu estilo, ele \u00e9 capaz de proporcionar um brilho intenso e perfuma\u00e7\u00e3o prolongada.<\/p>\n","protected":false},"featured_media":851,"template":"","meta":[],"product_brand":[],"product_cat":[64],"product_tag":[],"class_list":{"0":"post-848","1":"product","2":"type-product","3":"status-publish","4":"has-post-thumbnail","6":"product_cat-lustra-moveis","8":"first","9":"outofstock","10":"shipping-taxable","11":"purchasable","12":"product-type-simple"},"_links":{"self":[{"href":"https:\/\/bellocapricho.com.br\/loja\/index.php\/wp-json\/wp\/v2\/product\/848","targetHints":{"allow":["GET"]}}],"collection":[{"href":"https:\/\/bellocapricho.com.br\/loja\/index.php\/wp-json\/wp\/v2\/product"}],"about":[{"href":"https:\/\/bellocapricho.com.br\/loja\/index.php\/wp-json\/wp\/v2\/types\/product"}],"wp:featuredmedia":[{"embeddable":true,"href":"https:\/\/bellocapricho.com.br\/loja\/index.php\/wp-json\/wp\/v2\/media\/851"}],"wp:attachment":[{"href":"https:\/\/bellocapricho.com.br\/loja\/index.php\/wp-json\/wp\/v2\/media?parent=848"}],"wp:term":[{"taxonomy":"product_brand","embeddable":true,"href":"https:\/\/bellocapricho.com.br\/loja\/index.php\/wp-json\/wp\/v2\/product_brand?post=848"},{"taxonomy":"product_cat","embeddable":true,"href":"https:\/\/bellocapricho.com.br\/loja\/index.php\/wp-json\/wp\/v2\/product_cat?post=848"},{"taxonomy":"product_tag","embeddable":true,"href":"https:\/\/bellocapricho.com.br\/loja\/index.php\/wp-json\/wp\/v2\/product_tag?post=848"}],"curies":[{"name":"wp","href":"https:\/\/api.w.org\/{rel}","templated":true}]}}