{"id":841,"date":"2024-07-26T00:28:15","date_gmt":"2024-07-26T03:28:15","guid":{"rendered":"https:\/\/bellocapricho.com.br\/loja\/?post_type=product&#038;p=841"},"modified":"2026-04-04T19:06:04","modified_gmt":"2026-04-04T22:06:04","slug":"peroba-do-campo-lustra-moveis-200-ml-lavanda","status":"publish","type":"product","link":"https:\/\/bellocapricho.com.br\/loja\/index.php\/produto\/peroba-do-campo-lustra-moveis-200-ml-lavanda\/","title":{"rendered":"Peroba do Campo Lustra M\u00f3veis 200 ml &#8211; Lavanda"},"content":{"rendered":"<p>Lustra, perfuma e d\u00e1 brilho. Sua f\u00f3rmula \u00e0 base de cera de carna\u00faba e silicone reduz a ader\u00eancia de poeira e manchas de umidade, deixando sobre os m\u00f3veis uma fina camada protetora e um agrad\u00e1vel aroma. \u00c9 especialmente indicado para m\u00f3veis e assoalhos vitrificados, m\u00f3veis encerados, envernizados, laqueados e superf\u00edcies laminadas. Tamb\u00e9m podem ser utilizados em superf\u00edcies de m\u00e1rmore polido, azulejos, fog\u00f5es, geladeiras, etc.<\/p>\n","protected":false},"excerpt":{"rendered":"<p>Lustra, perfuma e d\u00e1 brilho. Sua f\u00f3rmula \u00e0 base de cera de carna\u00faba e silicone reduz a ader\u00eancia de poeira e manchas de umidade, deixando sobre os m\u00f3veis uma fina camada protetora e um agrad\u00e1vel aroma. \u00c9 especialmente indicado para m\u00f3veis e assoalhos vitrificados, m\u00f3veis&hellip;<\/p>\n","protected":false},"featured_media":842,"template":"","meta":[],"product_brand":[],"product_cat":[64],"product_tag":[],"class_list":{"0":"post-841","1":"product","2":"type-product","3":"status-publish","4":"has-post-thumbnail","6":"product_cat-lustra-moveis","8":"first","9":"instock","10":"shipping-taxable","11":"purchasable","12":"product-type-simple"},"_links":{"self":[{"href":"https:\/\/bellocapricho.com.br\/loja\/index.php\/wp-json\/wp\/v2\/product\/841","targetHints":{"allow":["GET"]}}],"collection":[{"href":"https:\/\/bellocapricho.com.br\/loja\/index.php\/wp-json\/wp\/v2\/product"}],"about":[{"href":"https:\/\/bellocapricho.com.br\/loja\/index.php\/wp-json\/wp\/v2\/types\/product"}],"wp:featuredmedia":[{"embeddable":true,"href":"https:\/\/bellocapricho.com.br\/loja\/index.php\/wp-json\/wp\/v2\/media\/842"}],"wp:attachment":[{"href":"https:\/\/bellocapricho.com.br\/loja\/index.php\/wp-json\/wp\/v2\/media?parent=841"}],"wp:term":[{"taxonomy":"product_brand","embeddable":true,"href":"https:\/\/bellocapricho.com.br\/loja\/index.php\/wp-json\/wp\/v2\/product_brand?post=841"},{"taxonomy":"product_cat","embeddable":true,"href":"https:\/\/bellocapricho.com.br\/loja\/index.php\/wp-json\/wp\/v2\/product_cat?post=841"},{"taxonomy":"product_tag","embeddable":true,"href":"https:\/\/bellocapricho.com.br\/loja\/index.php\/wp-json\/wp\/v2\/product_tag?post=841"}],"curies":[{"name":"wp","href":"https:\/\/api.w.org\/{rel}","templated":true}]}}