{"id":819,"date":"2024-07-25T23:57:15","date_gmt":"2024-07-26T02:57:15","guid":{"rendered":"https:\/\/bellocapricho.com.br\/loja\/?post_type=product&#038;p=819"},"modified":"2026-04-04T12:25:37","modified_gmt":"2026-04-04T15:25:37","slug":"veja-perfumes-aroma-sense-romance-500ml","status":"publish","type":"product","link":"https:\/\/bellocapricho.com.br\/loja\/index.php\/produto\/veja-perfumes-aroma-sense-romance-500ml\/","title":{"rendered":"Veja Perfumes Aroma Sense Romance 500ml"},"content":{"rendered":"<p>Veja\u00ae Aroma Sense Romance 500ml traz fragr\u00e2ncias exclusivas com \u00f3leos essenciais que transformam a atmosfera da sua casa.<\/p>\n<p>\u2022 Limpeza eficaz de Veja<br \/>\n\u2022 Perfuma\u00e7\u00e3o prolongada por at\u00e9 24h\u00b9<br \/>\n\u2022 Com \u00f3leos essenciais<br \/>\n\u2022 Limpador de uso geral<\/p>\n<p>&nbsp;<\/p>\n","protected":false},"excerpt":{"rendered":"<p>Veja\u00ae Aroma Sense Romance 500ml traz fragr\u00e2ncias exclusivas com \u00f3leos essenciais que transformam a atmosfera da sua casa. \u2022 Limpeza eficaz de Veja \u2022 Perfuma\u00e7\u00e3o prolongada por at\u00e9 24h\u00b9 \u2022 Com \u00f3leos essenciais \u2022 Limpador de uso geral &nbsp;<\/p>\n","protected":false},"featured_media":822,"template":"","meta":[],"product_brand":[],"product_cat":[54],"product_tag":[],"class_list":{"0":"post-819","1":"product","2":"type-product","3":"status-publish","4":"has-post-thumbnail","6":"product_cat-limpeza-diaria","8":"first","9":"instock","10":"shipping-taxable","11":"purchasable","12":"product-type-simple"},"_links":{"self":[{"href":"https:\/\/bellocapricho.com.br\/loja\/index.php\/wp-json\/wp\/v2\/product\/819","targetHints":{"allow":["GET"]}}],"collection":[{"href":"https:\/\/bellocapricho.com.br\/loja\/index.php\/wp-json\/wp\/v2\/product"}],"about":[{"href":"https:\/\/bellocapricho.com.br\/loja\/index.php\/wp-json\/wp\/v2\/types\/product"}],"wp:featuredmedia":[{"embeddable":true,"href":"https:\/\/bellocapricho.com.br\/loja\/index.php\/wp-json\/wp\/v2\/media\/822"}],"wp:attachment":[{"href":"https:\/\/bellocapricho.com.br\/loja\/index.php\/wp-json\/wp\/v2\/media?parent=819"}],"wp:term":[{"taxonomy":"product_brand","embeddable":true,"href":"https:\/\/bellocapricho.com.br\/loja\/index.php\/wp-json\/wp\/v2\/product_brand?post=819"},{"taxonomy":"product_cat","embeddable":true,"href":"https:\/\/bellocapricho.com.br\/loja\/index.php\/wp-json\/wp\/v2\/product_cat?post=819"},{"taxonomy":"product_tag","embeddable":true,"href":"https:\/\/bellocapricho.com.br\/loja\/index.php\/wp-json\/wp\/v2\/product_tag?post=819"}],"curies":[{"name":"wp","href":"https:\/\/api.w.org\/{rel}","templated":true}]}}