{"id":1770,"date":"2026-02-10T16:21:19","date_gmt":"2026-02-10T19:21:19","guid":{"rendered":"https:\/\/bellocapricho.com.br\/loja\/?post_type=product&#038;p=1770"},"modified":"2026-04-04T12:20:12","modified_gmt":"2026-04-04T15:20:12","slug":"limpa-obra-5l-rodo-quimica","status":"publish","type":"product","link":"https:\/\/bellocapricho.com.br\/loja\/index.php\/produto\/limpa-obra-5l-rodo-quimica\/","title":{"rendered":"Limpa Obra 5L &#8211; Rodo Qu\u00edmica"},"content":{"rendered":"<p>A SOLU\u00c7\u00c3O DE LIMPEZA \u00e9 usada para limpeza de pisos e azulejos.<\/p>\n<p>Aplicada para limpeza em geral de: pisos, cer\u00e2micas, sanit\u00e1rios, fachadas, ladrilhos e outros.<\/p>\n<p>Modo de usar:<br \/>\nAp\u00f3s ter passado a solu\u00e7\u00e3o, utilize uma escova ou pano \u00famido para remover a sujeira. Ao remover os res\u00edduos nunca deixe a solu\u00e7\u00e3o secar para lavar, pois pode causar manchas. Terminada a limpeza passe \u00e1gua para retirar os restos da sujeira e solu\u00e7\u00e3o.<\/p>\n<p>Precau\u00e7\u00f5es gerais: use luvas e \u00f3culos para manuseio e armazene em local longe do calor.<\/p>\n","protected":false},"excerpt":{"rendered":"<p>A SOLU\u00c7\u00c3O DE LIMPEZA \u00e9 usada para limpeza de pisos e azulejos. Aplicada para limpeza em geral de: pisos, cer\u00e2micas, sanit\u00e1rios, fachadas, ladrilhos e outros. Modo de usar: Ap\u00f3s ter passado a solu\u00e7\u00e3o, utilize uma escova ou pano \u00famido para remover a sujeira. Ao remover&hellip;<\/p>\n","protected":false},"featured_media":1771,"template":"","meta":[],"product_brand":[],"product_cat":[19],"product_tag":[],"class_list":{"0":"post-1770","1":"product","2":"type-product","3":"status-publish","4":"has-post-thumbnail","6":"product_cat-limpeza-pesada","8":"first","9":"instock","10":"shipping-taxable","11":"purchasable","12":"product-type-simple"},"_links":{"self":[{"href":"https:\/\/bellocapricho.com.br\/loja\/index.php\/wp-json\/wp\/v2\/product\/1770","targetHints":{"allow":["GET"]}}],"collection":[{"href":"https:\/\/bellocapricho.com.br\/loja\/index.php\/wp-json\/wp\/v2\/product"}],"about":[{"href":"https:\/\/bellocapricho.com.br\/loja\/index.php\/wp-json\/wp\/v2\/types\/product"}],"wp:featuredmedia":[{"embeddable":true,"href":"https:\/\/bellocapricho.com.br\/loja\/index.php\/wp-json\/wp\/v2\/media\/1771"}],"wp:attachment":[{"href":"https:\/\/bellocapricho.com.br\/loja\/index.php\/wp-json\/wp\/v2\/media?parent=1770"}],"wp:term":[{"taxonomy":"product_brand","embeddable":true,"href":"https:\/\/bellocapricho.com.br\/loja\/index.php\/wp-json\/wp\/v2\/product_brand?post=1770"},{"taxonomy":"product_cat","embeddable":true,"href":"https:\/\/bellocapricho.com.br\/loja\/index.php\/wp-json\/wp\/v2\/product_cat?post=1770"},{"taxonomy":"product_tag","embeddable":true,"href":"https:\/\/bellocapricho.com.br\/loja\/index.php\/wp-json\/wp\/v2\/product_tag?post=1770"}],"curies":[{"name":"wp","href":"https:\/\/api.w.org\/{rel}","templated":true}]}}