{"id":1756,"date":"2026-02-10T15:47:17","date_gmt":"2026-02-10T18:47:17","guid":{"rendered":"https:\/\/bellocapricho.com.br\/loja\/?post_type=product&#038;p=1756"},"modified":"2026-04-04T10:30:11","modified_gmt":"2026-04-04T13:30:11","slug":"desengordurante-pro-serv-1l-proquisul","status":"publish","type":"product","link":"https:\/\/bellocapricho.com.br\/loja\/index.php\/produto\/desengordurante-pro-serv-1l-proquisul\/","title":{"rendered":"Desengordurante Pro Serv 1L &#8211; Proquisul"},"content":{"rendered":"<p>PRO SERV \u00e9 uma combina\u00e7\u00e3o de detergentes, solventes, dispersantes e sais desengraxantes,<br \/>\nespecialmente recomendado para remo\u00e7\u00e3o de ceras, gorduras, graxas, mofo, carv\u00e3o, creosoto, \u00f3leos, que est\u00e3o em pisos de<br \/>\nhospitais, ind\u00fastrias, oficinas, restaurantes, m\u00e1quinas de impress\u00e3o, cozinhas, coifas, couro, entre outros.<\/p>\n","protected":false},"excerpt":{"rendered":"<p>PRO SERV \u00e9 uma combina\u00e7\u00e3o de detergentes, solventes, dispersantes e sais desengraxantes, especialmente recomendado para remo\u00e7\u00e3o de ceras, gorduras, graxas, mofo, carv\u00e3o, creosoto, \u00f3leos, que est\u00e3o em pisos de hospitais, ind\u00fastrias, oficinas, restaurantes, m\u00e1quinas de impress\u00e3o, cozinhas, coifas, couro, entre outros.<\/p>\n","protected":false},"featured_media":1757,"template":"","meta":[],"product_brand":[],"product_cat":[73],"product_tag":[],"class_list":{"0":"post-1756","1":"product","2":"type-product","3":"status-publish","4":"has-post-thumbnail","6":"product_cat-desengordurantes","8":"first","9":"instock","10":"shipping-taxable","11":"purchasable","12":"product-type-simple"},"_links":{"self":[{"href":"https:\/\/bellocapricho.com.br\/loja\/index.php\/wp-json\/wp\/v2\/product\/1756","targetHints":{"allow":["GET"]}}],"collection":[{"href":"https:\/\/bellocapricho.com.br\/loja\/index.php\/wp-json\/wp\/v2\/product"}],"about":[{"href":"https:\/\/bellocapricho.com.br\/loja\/index.php\/wp-json\/wp\/v2\/types\/product"}],"wp:featuredmedia":[{"embeddable":true,"href":"https:\/\/bellocapricho.com.br\/loja\/index.php\/wp-json\/wp\/v2\/media\/1757"}],"wp:attachment":[{"href":"https:\/\/bellocapricho.com.br\/loja\/index.php\/wp-json\/wp\/v2\/media?parent=1756"}],"wp:term":[{"taxonomy":"product_brand","embeddable":true,"href":"https:\/\/bellocapricho.com.br\/loja\/index.php\/wp-json\/wp\/v2\/product_brand?post=1756"},{"taxonomy":"product_cat","embeddable":true,"href":"https:\/\/bellocapricho.com.br\/loja\/index.php\/wp-json\/wp\/v2\/product_cat?post=1756"},{"taxonomy":"product_tag","embeddable":true,"href":"https:\/\/bellocapricho.com.br\/loja\/index.php\/wp-json\/wp\/v2\/product_tag?post=1756"}],"curies":[{"name":"wp","href":"https:\/\/api.w.org\/{rel}","templated":true}]}}