{"id":1752,"date":"2026-02-10T15:36:45","date_gmt":"2026-02-10T18:36:45","guid":{"rendered":"https:\/\/bellocapricho.com.br\/loja\/?post_type=product&#038;p=1752"},"modified":"2026-04-04T10:46:44","modified_gmt":"2026-04-04T13:46:44","slug":"gelalcool-eucalipto-500g","status":"publish","type":"product","link":"https:\/\/bellocapricho.com.br\/loja\/index.php\/produto\/gelalcool-eucalipto-500g\/","title":{"rendered":"Gel\u00e1lcool Eucalipto Start 500g"},"content":{"rendered":"<p>\u00e9 um \u00e1lcool em gel multiuso ideal para limpeza e higieniza\u00e7\u00e3o, com concentra\u00e7\u00e3o de \\(62,4^{\\circ }\\) INPM. Oferece a seguran\u00e7a do gel com o brilho do \u00e1lcool, sendo perfumado com eucalipto e indicado para vidros, pisos, azulejos e superf\u00edcies resistentes. <\/p>\n","protected":false},"excerpt":{"rendered":"<p>\u00e9 um \u00e1lcool em gel multiuso ideal para limpeza e higieniza\u00e7\u00e3o, com concentra\u00e7\u00e3o de \\(62,4^{\\circ }\\) INPM. Oferece a seguran\u00e7a do gel com o brilho do \u00e1lcool, sendo perfumado com eucalipto e indicado para vidros, pisos, azulejos e superf\u00edcies resistentes.<\/p>\n","protected":false},"featured_media":1753,"template":"","meta":[],"product_brand":[],"product_cat":[52],"product_tag":[],"class_list":{"0":"post-1752","1":"product","2":"type-product","3":"status-publish","4":"has-post-thumbnail","6":"product_cat-diversos","8":"first","9":"instock","10":"shipping-taxable","11":"purchasable","12":"product-type-simple"},"_links":{"self":[{"href":"https:\/\/bellocapricho.com.br\/loja\/index.php\/wp-json\/wp\/v2\/product\/1752","targetHints":{"allow":["GET"]}}],"collection":[{"href":"https:\/\/bellocapricho.com.br\/loja\/index.php\/wp-json\/wp\/v2\/product"}],"about":[{"href":"https:\/\/bellocapricho.com.br\/loja\/index.php\/wp-json\/wp\/v2\/types\/product"}],"wp:featuredmedia":[{"embeddable":true,"href":"https:\/\/bellocapricho.com.br\/loja\/index.php\/wp-json\/wp\/v2\/media\/1753"}],"wp:attachment":[{"href":"https:\/\/bellocapricho.com.br\/loja\/index.php\/wp-json\/wp\/v2\/media?parent=1752"}],"wp:term":[{"taxonomy":"product_brand","embeddable":true,"href":"https:\/\/bellocapricho.com.br\/loja\/index.php\/wp-json\/wp\/v2\/product_brand?post=1752"},{"taxonomy":"product_cat","embeddable":true,"href":"https:\/\/bellocapricho.com.br\/loja\/index.php\/wp-json\/wp\/v2\/product_cat?post=1752"},{"taxonomy":"product_tag","embeddable":true,"href":"https:\/\/bellocapricho.com.br\/loja\/index.php\/wp-json\/wp\/v2\/product_tag?post=1752"}],"curies":[{"name":"wp","href":"https:\/\/api.w.org\/{rel}","templated":true}]}}