{"id":1706,"date":"2026-02-09T15:50:53","date_gmt":"2026-02-09T18:50:53","guid":{"rendered":"https:\/\/bellocapricho.com.br\/loja\/?post_type=product&#038;p=1706"},"modified":"2026-04-04T15:21:50","modified_gmt":"2026-04-04T18:21:50","slug":"desinfetante-suave-odor-lysoform-1l","status":"publish","type":"product","link":"https:\/\/bellocapricho.com.br\/loja\/index.php\/produto\/desinfetante-suave-odor-lysoform-1l\/","title":{"rendered":"Desinfetante Suave Odor Lysoform 1L"},"content":{"rendered":"<p>\u00c9 um desinfetante de uso geral que mata 99,9% de germes, bact\u00e9rias e fungos. Indicado para ambientes com animais dom\u00e9sticos, \u00e9 vers\u00e1til para pisos, superf\u00edcies (bancadas, ralos, vasos sanit\u00e1rios) e lavagem de roupas, com a\u00e7\u00e3o de 10 minutos. <\/p>\n","protected":false},"excerpt":{"rendered":"<p>\u00c9 um desinfetante de uso geral que mata 99,9% de germes, bact\u00e9rias e fungos. Indicado para ambientes com animais dom\u00e9sticos, \u00e9 vers\u00e1til para pisos, superf\u00edcies (bancadas, ralos, vasos sanit\u00e1rios) e lavagem de roupas, com a\u00e7\u00e3o de 10 minutos.<\/p>\n","protected":false},"featured_media":1707,"template":"","meta":[],"product_brand":[],"product_cat":[72],"product_tag":[],"class_list":{"0":"post-1706","1":"product","2":"type-product","3":"status-publish","4":"has-post-thumbnail","6":"product_cat-desinfetantes","8":"first","9":"instock","10":"shipping-taxable","11":"purchasable","12":"product-type-simple"},"_links":{"self":[{"href":"https:\/\/bellocapricho.com.br\/loja\/index.php\/wp-json\/wp\/v2\/product\/1706","targetHints":{"allow":["GET"]}}],"collection":[{"href":"https:\/\/bellocapricho.com.br\/loja\/index.php\/wp-json\/wp\/v2\/product"}],"about":[{"href":"https:\/\/bellocapricho.com.br\/loja\/index.php\/wp-json\/wp\/v2\/types\/product"}],"wp:featuredmedia":[{"embeddable":true,"href":"https:\/\/bellocapricho.com.br\/loja\/index.php\/wp-json\/wp\/v2\/media\/1707"}],"wp:attachment":[{"href":"https:\/\/bellocapricho.com.br\/loja\/index.php\/wp-json\/wp\/v2\/media?parent=1706"}],"wp:term":[{"taxonomy":"product_brand","embeddable":true,"href":"https:\/\/bellocapricho.com.br\/loja\/index.php\/wp-json\/wp\/v2\/product_brand?post=1706"},{"taxonomy":"product_cat","embeddable":true,"href":"https:\/\/bellocapricho.com.br\/loja\/index.php\/wp-json\/wp\/v2\/product_cat?post=1706"},{"taxonomy":"product_tag","embeddable":true,"href":"https:\/\/bellocapricho.com.br\/loja\/index.php\/wp-json\/wp\/v2\/product_tag?post=1706"}],"curies":[{"name":"wp","href":"https:\/\/api.w.org\/{rel}","templated":true}]}}