{"id":1704,"date":"2026-02-09T15:40:55","date_gmt":"2026-02-09T18:40:55","guid":{"rendered":"https:\/\/bellocapricho.com.br\/loja\/?post_type=product&#038;p=1704"},"modified":"2026-04-04T15:00:25","modified_gmt":"2026-04-04T18:00:25","slug":"limpa-aluminio-sanol-500ml","status":"publish","type":"product","link":"https:\/\/bellocapricho.com.br\/loja\/index.php\/produto\/limpa-aluminio-sanol-500ml\/","title":{"rendered":"Limpa Alum\u00ednio Sanol 500ml"},"content":{"rendered":"<p>\u00c9 um produto revolucion\u00e1rio, que remove incrusta\u00e7\u00f5es em panelas, portas, janelas, rodas esportivas de alum\u00ednio, baixelas de inox e coifas;<br \/>\nUma \u00fanica aplica\u00e7\u00e3o garante limpeza e brilho para as superf\u00edcies citadas;<br \/>\nF\u00e1cil aplica\u00e7\u00e3o;<br \/>\n\u00d3timo rendimento e resultados impec\u00e1veis;<\/p>\n","protected":false},"excerpt":{"rendered":"<p>\u00c9 um produto revolucion\u00e1rio, que remove incrusta\u00e7\u00f5es em panelas, portas, janelas, rodas esportivas de alum\u00ednio, baixelas de inox e coifas; Uma \u00fanica aplica\u00e7\u00e3o garante limpeza e brilho para as superf\u00edcies citadas; F\u00e1cil aplica\u00e7\u00e3o; \u00d3timo rendimento e resultados impec\u00e1veis;<\/p>\n","protected":false},"featured_media":1705,"template":"","meta":[],"product_brand":[],"product_cat":[95],"product_tag":[],"class_list":{"0":"post-1704","1":"product","2":"type-product","3":"status-publish","4":"has-post-thumbnail","6":"product_cat-limpa-aluminio","8":"first","9":"instock","10":"shipping-taxable","11":"purchasable","12":"product-type-simple"},"_links":{"self":[{"href":"https:\/\/bellocapricho.com.br\/loja\/index.php\/wp-json\/wp\/v2\/product\/1704","targetHints":{"allow":["GET"]}}],"collection":[{"href":"https:\/\/bellocapricho.com.br\/loja\/index.php\/wp-json\/wp\/v2\/product"}],"about":[{"href":"https:\/\/bellocapricho.com.br\/loja\/index.php\/wp-json\/wp\/v2\/types\/product"}],"wp:featuredmedia":[{"embeddable":true,"href":"https:\/\/bellocapricho.com.br\/loja\/index.php\/wp-json\/wp\/v2\/media\/1705"}],"wp:attachment":[{"href":"https:\/\/bellocapricho.com.br\/loja\/index.php\/wp-json\/wp\/v2\/media?parent=1704"}],"wp:term":[{"taxonomy":"product_brand","embeddable":true,"href":"https:\/\/bellocapricho.com.br\/loja\/index.php\/wp-json\/wp\/v2\/product_brand?post=1704"},{"taxonomy":"product_cat","embeddable":true,"href":"https:\/\/bellocapricho.com.br\/loja\/index.php\/wp-json\/wp\/v2\/product_cat?post=1704"},{"taxonomy":"product_tag","embeddable":true,"href":"https:\/\/bellocapricho.com.br\/loja\/index.php\/wp-json\/wp\/v2\/product_tag?post=1704"}],"curies":[{"name":"wp","href":"https:\/\/api.w.org\/{rel}","templated":true}]}}