{"id":1681,"date":"2026-02-09T14:45:09","date_gmt":"2026-02-09T17:45:09","guid":{"rendered":"https:\/\/bellocapricho.com.br\/loja\/?post_type=product&#038;p=1681"},"modified":"2026-04-04T10:30:12","modified_gmt":"2026-04-04T13:30:12","slug":"escada-residencial-5-degraus-alumasa","status":"publish","type":"product","link":"https:\/\/bellocapricho.com.br\/loja\/index.php\/produto\/escada-residencial-5-degraus-alumasa\/","title":{"rendered":"Escada Residencial 5 Degraus &#8211; ALUMASA"},"content":{"rendered":"<p>Quantidade de Degraus: 5 degraus<br \/>\nMaterial: Metal e pl\u00e1stico<br \/>\nTipo de Material: Alum\u00ednio e polipropileno<br \/>\nCapacidade de Peso: 120 Kg<br \/>\nAltura da escada fechada: 1.63 m<br \/>\nAltura da escada aberta: 1.07 m<br \/>\nLargura da escada aberta: 0,88 m<br \/>\nQuantidade de Posi\u00e7\u00f5es: 01<br \/>\nDobr\u00e1vel: Sim<br \/>\nPeso do Produto: 3,80Kg<br \/>\nTipo: Residencial<br \/>\nProduto: Escada<br \/>\nMarca: Alumasa<br \/>\nCor: Prata e azul<br \/>\nUso Indicado: Dom\u00e9stica<\/p>\n","protected":false},"excerpt":{"rendered":"<p>Quantidade de Degraus: 5 degraus Material: Metal e pl\u00e1stico Tipo de Material: Alum\u00ednio e polipropileno Capacidade de Peso: 120 Kg Altura da escada fechada: 1.63 m Altura da escada aberta: 1.07 m Largura da escada aberta: 0,88 m Quantidade de Posi\u00e7\u00f5es: 01 Dobr\u00e1vel: Sim Peso&hellip;<\/p>\n","protected":false},"featured_media":1682,"template":"","meta":[],"product_brand":[],"product_cat":[93],"product_tag":[],"class_list":{"0":"post-1681","1":"product","2":"type-product","3":"status-publish","4":"has-post-thumbnail","6":"product_cat-escadas","8":"first","9":"instock","10":"shipping-taxable","11":"purchasable","12":"product-type-simple"},"_links":{"self":[{"href":"https:\/\/bellocapricho.com.br\/loja\/index.php\/wp-json\/wp\/v2\/product\/1681","targetHints":{"allow":["GET"]}}],"collection":[{"href":"https:\/\/bellocapricho.com.br\/loja\/index.php\/wp-json\/wp\/v2\/product"}],"about":[{"href":"https:\/\/bellocapricho.com.br\/loja\/index.php\/wp-json\/wp\/v2\/types\/product"}],"wp:featuredmedia":[{"embeddable":true,"href":"https:\/\/bellocapricho.com.br\/loja\/index.php\/wp-json\/wp\/v2\/media\/1682"}],"wp:attachment":[{"href":"https:\/\/bellocapricho.com.br\/loja\/index.php\/wp-json\/wp\/v2\/media?parent=1681"}],"wp:term":[{"taxonomy":"product_brand","embeddable":true,"href":"https:\/\/bellocapricho.com.br\/loja\/index.php\/wp-json\/wp\/v2\/product_brand?post=1681"},{"taxonomy":"product_cat","embeddable":true,"href":"https:\/\/bellocapricho.com.br\/loja\/index.php\/wp-json\/wp\/v2\/product_cat?post=1681"},{"taxonomy":"product_tag","embeddable":true,"href":"https:\/\/bellocapricho.com.br\/loja\/index.php\/wp-json\/wp\/v2\/product_tag?post=1681"}],"curies":[{"name":"wp","href":"https:\/\/api.w.org\/{rel}","templated":true}]}}