{"id":1661,"date":"2026-01-29T18:18:03","date_gmt":"2026-01-29T21:18:03","guid":{"rendered":"https:\/\/bellocapricho.com.br\/loja\/?post_type=product&#038;p=1661"},"modified":"2026-04-04T10:30:12","modified_gmt":"2026-04-04T13:30:12","slug":"limpa-grelha-super-dom-300ml","status":"publish","type":"product","link":"https:\/\/bellocapricho.com.br\/loja\/index.php\/produto\/limpa-grelha-super-dom-300ml\/","title":{"rendered":"Limpa Grelha Super Dom 300ml"},"content":{"rendered":"<p>Limpa Grelha Super Dom facilita a dissolu\u00e7\u00e3o e limpeza das gorduras mais dif\u00edceis, sem a necessidade de raspagem.<br \/>\nProporciona brilho em grelhas, chapas, discos e espetos. O aliado perfeito para o churrasqueiro.\u202f<\/p>\n","protected":false},"excerpt":{"rendered":"<p>Limpa Grelha Super Dom facilita a dissolu\u00e7\u00e3o e limpeza das gorduras mais dif\u00edceis, sem a necessidade de raspagem. Proporciona brilho em grelhas, chapas, discos e espetos. O aliado perfeito para o churrasqueiro.\u202f<\/p>\n","protected":false},"featured_media":1662,"template":"","meta":[],"product_brand":[],"product_cat":[73],"product_tag":[],"class_list":{"0":"post-1661","1":"product","2":"type-product","3":"status-publish","4":"has-post-thumbnail","6":"product_cat-desengordurantes","8":"first","9":"instock","10":"shipping-taxable","11":"purchasable","12":"product-type-simple"},"_links":{"self":[{"href":"https:\/\/bellocapricho.com.br\/loja\/index.php\/wp-json\/wp\/v2\/product\/1661","targetHints":{"allow":["GET"]}}],"collection":[{"href":"https:\/\/bellocapricho.com.br\/loja\/index.php\/wp-json\/wp\/v2\/product"}],"about":[{"href":"https:\/\/bellocapricho.com.br\/loja\/index.php\/wp-json\/wp\/v2\/types\/product"}],"wp:featuredmedia":[{"embeddable":true,"href":"https:\/\/bellocapricho.com.br\/loja\/index.php\/wp-json\/wp\/v2\/media\/1662"}],"wp:attachment":[{"href":"https:\/\/bellocapricho.com.br\/loja\/index.php\/wp-json\/wp\/v2\/media?parent=1661"}],"wp:term":[{"taxonomy":"product_brand","embeddable":true,"href":"https:\/\/bellocapricho.com.br\/loja\/index.php\/wp-json\/wp\/v2\/product_brand?post=1661"},{"taxonomy":"product_cat","embeddable":true,"href":"https:\/\/bellocapricho.com.br\/loja\/index.php\/wp-json\/wp\/v2\/product_cat?post=1661"},{"taxonomy":"product_tag","embeddable":true,"href":"https:\/\/bellocapricho.com.br\/loja\/index.php\/wp-json\/wp\/v2\/product_tag?post=1661"}],"curies":[{"name":"wp","href":"https:\/\/api.w.org\/{rel}","templated":true}]}}