{"id":1575,"date":"2026-01-13T15:01:12","date_gmt":"2026-01-13T18:01:12","guid":{"rendered":"https:\/\/bellocapricho.com.br\/loja\/?post_type=product&#038;p=1575"},"modified":"2026-04-04T10:50:39","modified_gmt":"2026-04-04T13:50:39","slug":"odorizante-de-ambientes-e-tecidos-coala-home-orquidea-negra-260ml","status":"publish","type":"product","link":"https:\/\/bellocapricho.com.br\/loja\/index.php\/produto\/odorizante-de-ambientes-e-tecidos-coala-home-orquidea-negra-260ml\/","title":{"rendered":"Odorizante de Ambientes e Tecidos Coala Home &#8211; Orqu\u00eddea Negra &#8211; 260ml"},"content":{"rendered":"<p>O Coala Odorizante de Ambientes e Tecidos \u00e9 uma op\u00e7\u00e3o super pr\u00e1tica e r\u00e1pida para garantir um ambiente perfumado e com sensa\u00e7\u00e3o agrad\u00e1vel.<\/p>\n<p>Finalidade:<br \/>\nEste produto foi especialmente desenvolvido para aromatizar os ambientes e tecidos da sua casa, proporcionando a agrad\u00e1vel sensa\u00e7\u00e3o de um ambiente perfumado.<\/p>\n<p>Modo de usar:<br \/>\nAplique o produto no ambiente desejado, com r\u00e1pidas pulverizadas, posicionando o jato para cima, fazendo com que suas part\u00edculas se espalhem melhor pelo ambiente.<\/p>\n","protected":false},"excerpt":{"rendered":"<p>O Coala Odorizante de Ambientes e Tecidos \u00e9 uma op\u00e7\u00e3o super pr\u00e1tica e r\u00e1pida para garantir um ambiente perfumado e com sensa\u00e7\u00e3o agrad\u00e1vel. Finalidade: Este produto foi especialmente desenvolvido para aromatizar os ambientes e tecidos da sua casa, proporcionando a agrad\u00e1vel sensa\u00e7\u00e3o de um ambiente&hellip;<\/p>\n","protected":false},"featured_media":1579,"template":"","meta":[],"product_brand":[],"product_cat":[91],"product_tag":[],"class_list":{"0":"post-1575","1":"product","2":"type-product","3":"status-publish","4":"has-post-thumbnail","6":"product_cat-odorizante","8":"first","9":"outofstock","10":"shipping-taxable","11":"purchasable","12":"product-type-simple"},"_links":{"self":[{"href":"https:\/\/bellocapricho.com.br\/loja\/index.php\/wp-json\/wp\/v2\/product\/1575","targetHints":{"allow":["GET"]}}],"collection":[{"href":"https:\/\/bellocapricho.com.br\/loja\/index.php\/wp-json\/wp\/v2\/product"}],"about":[{"href":"https:\/\/bellocapricho.com.br\/loja\/index.php\/wp-json\/wp\/v2\/types\/product"}],"wp:featuredmedia":[{"embeddable":true,"href":"https:\/\/bellocapricho.com.br\/loja\/index.php\/wp-json\/wp\/v2\/media\/1579"}],"wp:attachment":[{"href":"https:\/\/bellocapricho.com.br\/loja\/index.php\/wp-json\/wp\/v2\/media?parent=1575"}],"wp:term":[{"taxonomy":"product_brand","embeddable":true,"href":"https:\/\/bellocapricho.com.br\/loja\/index.php\/wp-json\/wp\/v2\/product_brand?post=1575"},{"taxonomy":"product_cat","embeddable":true,"href":"https:\/\/bellocapricho.com.br\/loja\/index.php\/wp-json\/wp\/v2\/product_cat?post=1575"},{"taxonomy":"product_tag","embeddable":true,"href":"https:\/\/bellocapricho.com.br\/loja\/index.php\/wp-json\/wp\/v2\/product_tag?post=1575"}],"curies":[{"name":"wp","href":"https:\/\/api.w.org\/{rel}","templated":true}]}}