{"id":1458,"date":"2025-08-15T17:54:26","date_gmt":"2025-08-15T20:54:26","guid":{"rendered":"https:\/\/bellocapricho.com.br\/loja\/?post_type=product&#038;p=1458"},"modified":"2026-04-04T18:43:52","modified_gmt":"2026-04-04T21:43:52","slug":"multiuso-concentrado-4-em-1-citrus-suprema-500ml","status":"publish","type":"product","link":"https:\/\/bellocapricho.com.br\/loja\/index.php\/produto\/multiuso-concentrado-4-em-1-citrus-suprema-500ml\/","title":{"rendered":"Multiuso Concentrado 4 em 1 Citrus &#8211; SUPREMA &#8211; 500ml"},"content":{"rendered":"<p>Conhe\u00e7a os principais benef\u00edcios do Multiuso Suprema, um produto indispens\u00e1vel nas suas tarefas de limpeza di\u00e1ria: Multifun\u00e7\u00e3o: O Multiuso Suprema \u00e9 um limpador que vai al\u00e9m da simples remo\u00e7\u00e3o de sujeira. Sua f\u00f3rmula especial permite desengordurar superf\u00edcies, eliminando manchas e sujeiras dif\u00edceis. Com apenas um produto, voc\u00ea pode realizar v\u00e1rias tarefas de limpeza em diferentes \u00e1reas da casa. Praticidade e efici\u00eancia: Com o Multiuso Suprema, voc\u00ea economiza tempo e esfor\u00e7o. Sua aplica\u00e7\u00e3o \u00e9 f\u00e1cil e r\u00e1pida, garantindo uma limpeza eficiente. Basta pulverizar o produto na superf\u00edcie desejada e remover a sujeira com um pano ou esponja. Sua f\u00f3rmula poderosa age rapidamente, proporcionando resultados imediatos. Perfume agrad\u00e1vel: Al\u00e9m de limpar e desengordurar, o Multiuso Suprema deixa um perfume agrad\u00e1vel no ambiente. Sua fragr\u00e2ncia \u00e9 cuidadosamente selecionada para proporcionar uma sensa\u00e7\u00e3o de frescor e limpeza ap\u00f3s a aplica\u00e7\u00e3o. O Multiuso Suprema, \u00e9 um aliado poderoso para suas tarefas de limpeza di\u00e1ria. Aproveite a praticidade, efici\u00eancia na remo\u00e7\u00e3o das sujeiras, gorduras e prote\u00e7\u00e3o contra manchas que esse produto oferece. Simplifique suas tarefas dom\u00e9sticas e desfrute de uma limpeza completa em todas as superf\u00edcies. Experimente o Multiuso Suprema e descubra como facilitar sua rotina de limpeza de forma eficiente e com resultados surpreendentes.<\/p>\n","protected":false},"excerpt":{"rendered":"<p>Conhe\u00e7a os principais benef\u00edcios do Multiuso Suprema, um produto indispens\u00e1vel nas suas tarefas de limpeza di\u00e1ria: Multifun\u00e7\u00e3o: O Multiuso Suprema \u00e9 um limpador que vai al\u00e9m da simples remo\u00e7\u00e3o de sujeira. Sua f\u00f3rmula especial permite desengordurar superf\u00edcies, eliminando manchas e sujeiras dif\u00edceis. Com apenas um&hellip;<\/p>\n","protected":false},"featured_media":1459,"template":"","meta":[],"product_brand":[],"product_cat":[54,53],"product_tag":[],"class_list":{"0":"post-1458","1":"product","2":"type-product","3":"status-publish","4":"has-post-thumbnail","6":"product_cat-limpeza-diaria","7":"product_cat-multiusos","9":"first","10":"instock","11":"shipping-taxable","12":"purchasable","13":"product-type-simple"},"_links":{"self":[{"href":"https:\/\/bellocapricho.com.br\/loja\/index.php\/wp-json\/wp\/v2\/product\/1458","targetHints":{"allow":["GET"]}}],"collection":[{"href":"https:\/\/bellocapricho.com.br\/loja\/index.php\/wp-json\/wp\/v2\/product"}],"about":[{"href":"https:\/\/bellocapricho.com.br\/loja\/index.php\/wp-json\/wp\/v2\/types\/product"}],"wp:featuredmedia":[{"embeddable":true,"href":"https:\/\/bellocapricho.com.br\/loja\/index.php\/wp-json\/wp\/v2\/media\/1459"}],"wp:attachment":[{"href":"https:\/\/bellocapricho.com.br\/loja\/index.php\/wp-json\/wp\/v2\/media?parent=1458"}],"wp:term":[{"taxonomy":"product_brand","embeddable":true,"href":"https:\/\/bellocapricho.com.br\/loja\/index.php\/wp-json\/wp\/v2\/product_brand?post=1458"},{"taxonomy":"product_cat","embeddable":true,"href":"https:\/\/bellocapricho.com.br\/loja\/index.php\/wp-json\/wp\/v2\/product_cat?post=1458"},{"taxonomy":"product_tag","embeddable":true,"href":"https:\/\/bellocapricho.com.br\/loja\/index.php\/wp-json\/wp\/v2\/product_tag?post=1458"}],"curies":[{"name":"wp","href":"https:\/\/api.w.org\/{rel}","templated":true}]}}