{"id":1389,"date":"2025-01-08T15:48:13","date_gmt":"2025-01-08T18:48:13","guid":{"rendered":"https:\/\/bellocapricho.com.br\/loja\/?post_type=product&#038;p=1389"},"modified":"2026-04-05T11:50:08","modified_gmt":"2026-04-05T14:50:08","slug":"algicida-e-manutencao-algicin-1l","status":"publish","type":"product","link":"https:\/\/bellocapricho.com.br\/loja\/index.php\/produto\/algicida-e-manutencao-algicin-1l\/","title":{"rendered":"ALGICIDA E MANUTEN\u00c7\u00c3O ALGICIN 1L"},"content":{"rendered":"<p>ESPECIFICA\u00c7\u00d5ES:<\/p>\n<p>Principais usos do produto: \u00e9 excelente algicida para preven\u00e7\u00e3o contra aparecimento de novas algas, em diversos<br \/>\ntipos de piscinas, seja de fibra, pl\u00e1stica ou de concreto.<br \/>\nDosagem: Verificar o pH da piscina, desej\u00e1vel \u00e9 entre 7,0 e 7,4; a alcalinidade total entre 80e 120ppm. Dose 7ml de<br \/>\nproduto pra cada 1000L (1m3) de \u00e1gua e espalhe uniformemente na piscina. Filtre entorno de 6 a 12 horas.<br \/>\nArmazenagem: Mantenha o produto em sua embalagem original e fora do alcance de crian\u00e7as e animais dom\u00e9sticos.<br \/>\nN\u00e3o reutilize a embalagem vazia. Mantenha o produto em local fresco e arejado, protegido do sol.<\/p>\n","protected":false},"excerpt":{"rendered":"<p>ESPECIFICA\u00c7\u00d5ES: Principais usos do produto: \u00e9 excelente algicida para preven\u00e7\u00e3o contra aparecimento de novas algas, em diversos tipos de piscinas, seja de fibra, pl\u00e1stica ou de concreto. Dosagem: Verificar o pH da piscina, desej\u00e1vel \u00e9 entre 7,0 e 7,4; a alcalinidade total entre 80e 120ppm.&hellip;<\/p>\n","protected":false},"featured_media":1390,"template":"","meta":[],"product_brand":[],"product_cat":[86],"product_tag":[],"class_list":{"0":"post-1389","1":"product","2":"type-product","3":"status-publish","4":"has-post-thumbnail","6":"product_cat-produtos-de-piscina","8":"first","9":"instock","10":"shipping-taxable","11":"purchasable","12":"product-type-simple"},"_links":{"self":[{"href":"https:\/\/bellocapricho.com.br\/loja\/index.php\/wp-json\/wp\/v2\/product\/1389","targetHints":{"allow":["GET"]}}],"collection":[{"href":"https:\/\/bellocapricho.com.br\/loja\/index.php\/wp-json\/wp\/v2\/product"}],"about":[{"href":"https:\/\/bellocapricho.com.br\/loja\/index.php\/wp-json\/wp\/v2\/types\/product"}],"wp:featuredmedia":[{"embeddable":true,"href":"https:\/\/bellocapricho.com.br\/loja\/index.php\/wp-json\/wp\/v2\/media\/1390"}],"wp:attachment":[{"href":"https:\/\/bellocapricho.com.br\/loja\/index.php\/wp-json\/wp\/v2\/media?parent=1389"}],"wp:term":[{"taxonomy":"product_brand","embeddable":true,"href":"https:\/\/bellocapricho.com.br\/loja\/index.php\/wp-json\/wp\/v2\/product_brand?post=1389"},{"taxonomy":"product_cat","embeddable":true,"href":"https:\/\/bellocapricho.com.br\/loja\/index.php\/wp-json\/wp\/v2\/product_cat?post=1389"},{"taxonomy":"product_tag","embeddable":true,"href":"https:\/\/bellocapricho.com.br\/loja\/index.php\/wp-json\/wp\/v2\/product_tag?post=1389"}],"curies":[{"name":"wp","href":"https:\/\/api.w.org\/{rel}","templated":true}]}}