{"id":1385,"date":"2025-01-08T15:43:06","date_gmt":"2025-01-08T18:43:06","guid":{"rendered":"https:\/\/bellocapricho.com.br\/loja\/?post_type=product&#038;p=1385"},"modified":"2026-04-05T11:30:41","modified_gmt":"2026-04-05T14:30:41","slug":"peneira-com-cabo-aluminio-15m","status":"publish","type":"product","link":"https:\/\/bellocapricho.com.br\/loja\/index.php\/produto\/peneira-com-cabo-aluminio-15m\/","title":{"rendered":"Peneira com Cabo Alum\u00ednio 1,5m"},"content":{"rendered":"<p>Peneira Cata Folha Pl\u00e1stica para Piscina com Cabo<br \/>\nPerfeita para a limpeza e manuten\u00e7\u00e3o da sua piscina. Com ela, voc\u00ea pode retirar pequenas sujeiras sem muito esfor\u00e7o.<\/p>\n<p>Indica\u00e7\u00e3o e Uso: Ideal para a limpeza de piscinas; N\u00e3o h\u00e1 necessidade de utilizar parafusos, porcas ou borboletas de metal. Basta inserir o cabo no buraco, aplicar leve press\u00e3o e pronto; Para retirar, basta aplicar uma leve tor\u00e7\u00e3o para qualquer lado e puxar o cabo.<\/p>\n","protected":false},"excerpt":{"rendered":"<p>Peneira Cata Folha Pl\u00e1stica para Piscina com Cabo Perfeita para a limpeza e manuten\u00e7\u00e3o da sua piscina. Com ela, voc\u00ea pode retirar pequenas sujeiras sem muito esfor\u00e7o. Indica\u00e7\u00e3o e Uso: Ideal para a limpeza de piscinas; N\u00e3o h\u00e1 necessidade de utilizar parafusos, porcas ou borboletas&hellip;<\/p>\n","protected":false},"featured_media":1386,"template":"","meta":[],"product_brand":[],"product_cat":[86],"product_tag":[],"class_list":{"0":"post-1385","1":"product","2":"type-product","3":"status-publish","4":"has-post-thumbnail","6":"product_cat-produtos-de-piscina","8":"first","9":"instock","10":"shipping-taxable","11":"purchasable","12":"product-type-simple"},"_links":{"self":[{"href":"https:\/\/bellocapricho.com.br\/loja\/index.php\/wp-json\/wp\/v2\/product\/1385","targetHints":{"allow":["GET"]}}],"collection":[{"href":"https:\/\/bellocapricho.com.br\/loja\/index.php\/wp-json\/wp\/v2\/product"}],"about":[{"href":"https:\/\/bellocapricho.com.br\/loja\/index.php\/wp-json\/wp\/v2\/types\/product"}],"wp:featuredmedia":[{"embeddable":true,"href":"https:\/\/bellocapricho.com.br\/loja\/index.php\/wp-json\/wp\/v2\/media\/1386"}],"wp:attachment":[{"href":"https:\/\/bellocapricho.com.br\/loja\/index.php\/wp-json\/wp\/v2\/media?parent=1385"}],"wp:term":[{"taxonomy":"product_brand","embeddable":true,"href":"https:\/\/bellocapricho.com.br\/loja\/index.php\/wp-json\/wp\/v2\/product_brand?post=1385"},{"taxonomy":"product_cat","embeddable":true,"href":"https:\/\/bellocapricho.com.br\/loja\/index.php\/wp-json\/wp\/v2\/product_cat?post=1385"},{"taxonomy":"product_tag","embeddable":true,"href":"https:\/\/bellocapricho.com.br\/loja\/index.php\/wp-json\/wp\/v2\/product_tag?post=1385"}],"curies":[{"name":"wp","href":"https:\/\/api.w.org\/{rel}","templated":true}]}}