{"id":1383,"date":"2025-01-08T15:33:50","date_gmt":"2025-01-08T18:33:50","guid":{"rendered":"https:\/\/bellocapricho.com.br\/loja\/?post_type=product&#038;p=1383"},"modified":"2026-04-05T11:25:36","modified_gmt":"2026-04-05T14:25:36","slug":"escova-piscina-44cm-curva-pp-s-cabo","status":"publish","type":"product","link":"https:\/\/bellocapricho.com.br\/loja\/index.php\/produto\/escova-piscina-44cm-curva-pp-s-cabo\/","title":{"rendered":"ESCOVA PISCINA 44CM CURVA PP S\/CABO"},"content":{"rendered":"<p>Limpar a sua piscina \u00e9 uma tarefa chata, por\u00e9m muito importante. E as partes mais dif\u00edceis de se limpar em sua piscina s\u00e3o as paredes, o fundo e os cantos. Por\u00e9m, com a Escova Curva, voc\u00ea consegue limpar estes lugares com muita facilidade e efici\u00eancia. Com cerdas macias e que removem a sujeira facilmente, a Escova Curva \u00e9 um equipamento indispens\u00e1vel na limpeza de sua piscina.<br \/>\n\u00c9 um equipamento extremamente f\u00e1cil de se manusear. Basta voc\u00ea prend\u00ea-la a um cabo e esfrega-la nas paredes, fundo e cantos de sua piscina. Com isso, voc\u00ea estar\u00e1 removendo todas as sujeiras ali presentes. A Escova para Piscina Curva se destaca pela sua versatilidade, podendo ser utilizada tanto em piscinas de fibra quanto piscinas de alvenaria e de vinil.<\/p>\n","protected":false},"excerpt":{"rendered":"<p>Limpar a sua piscina \u00e9 uma tarefa chata, por\u00e9m muito importante. E as partes mais dif\u00edceis de se limpar em sua piscina s\u00e3o as paredes, o fundo e os cantos. Por\u00e9m, com a Escova Curva, voc\u00ea consegue limpar estes lugares com muita facilidade e efici\u00eancia.&hellip;<\/p>\n","protected":false},"featured_media":1384,"template":"","meta":[],"product_brand":[],"product_cat":[86],"product_tag":[],"class_list":{"0":"post-1383","1":"product","2":"type-product","3":"status-publish","4":"has-post-thumbnail","6":"product_cat-produtos-de-piscina","8":"first","9":"instock","10":"shipping-taxable","11":"purchasable","12":"product-type-simple"},"_links":{"self":[{"href":"https:\/\/bellocapricho.com.br\/loja\/index.php\/wp-json\/wp\/v2\/product\/1383","targetHints":{"allow":["GET"]}}],"collection":[{"href":"https:\/\/bellocapricho.com.br\/loja\/index.php\/wp-json\/wp\/v2\/product"}],"about":[{"href":"https:\/\/bellocapricho.com.br\/loja\/index.php\/wp-json\/wp\/v2\/types\/product"}],"wp:featuredmedia":[{"embeddable":true,"href":"https:\/\/bellocapricho.com.br\/loja\/index.php\/wp-json\/wp\/v2\/media\/1384"}],"wp:attachment":[{"href":"https:\/\/bellocapricho.com.br\/loja\/index.php\/wp-json\/wp\/v2\/media?parent=1383"}],"wp:term":[{"taxonomy":"product_brand","embeddable":true,"href":"https:\/\/bellocapricho.com.br\/loja\/index.php\/wp-json\/wp\/v2\/product_brand?post=1383"},{"taxonomy":"product_cat","embeddable":true,"href":"https:\/\/bellocapricho.com.br\/loja\/index.php\/wp-json\/wp\/v2\/product_cat?post=1383"},{"taxonomy":"product_tag","embeddable":true,"href":"https:\/\/bellocapricho.com.br\/loja\/index.php\/wp-json\/wp\/v2\/product_tag?post=1383"}],"curies":[{"name":"wp","href":"https:\/\/api.w.org\/{rel}","templated":true}]}}