{"id":1238,"date":"2024-10-31T16:27:25","date_gmt":"2024-10-31T19:27:25","guid":{"rendered":"https:\/\/bellocapricho.com.br\/loja\/?post_type=product&#038;p=1238"},"modified":"2026-04-04T10:30:03","modified_gmt":"2026-04-04T13:30:03","slug":"mop-abrasivo-simplus-c-cabo","status":"publish","type":"product","link":"https:\/\/bellocapricho.com.br\/loja\/index.php\/produto\/mop-abrasivo-simplus-c-cabo\/","title":{"rendered":"MOP Abrasivo Simplus c\/ Cabo"},"content":{"rendered":"<p>Apresentamos o MOP Abrasivo Simplus com cabo, a ferramenta ideal para dar um acabamento brilhante e lustroso a pisos diversos. Este MOP \u00e9 projetado para ser aplicado de maneira uniforme e eficaz. O cabo ergon\u00f4mico oferece um manuseio confort\u00e1vel, permitindo que a limpeza dos pisos seja eficiente.<\/p>\n<p>MOP abrasivo produzido em esponja de poliuretanto, fibra sint\u00e9tica e cabo de madeira da marca Simplus, com tamanho 26x7x2,3cm.<\/p>\n","protected":false},"excerpt":{"rendered":"<p>Apresentamos o MOP Abrasivo Simplus com cabo, a ferramenta ideal para dar um acabamento brilhante e lustroso a pisos diversos. Este MOP \u00e9 projetado para ser aplicado de maneira uniforme e eficaz. O cabo ergon\u00f4mico oferece um manuseio confort\u00e1vel, permitindo que a limpeza dos pisos&hellip;<\/p>\n","protected":false},"featured_media":1272,"template":"","meta":[],"product_brand":[],"product_cat":[47,67,54,81],"product_tag":[],"class_list":{"0":"post-1238","1":"product","2":"type-product","3":"status-publish","4":"has-post-thumbnail","6":"product_cat-equipamentos-de-limpeza","7":"product_cat-limpa-pisos","8":"product_cat-limpeza-diaria","9":"product_cat-mop","11":"first","12":"outofstock","13":"shipping-taxable","14":"purchasable","15":"product-type-simple"},"_links":{"self":[{"href":"https:\/\/bellocapricho.com.br\/loja\/index.php\/wp-json\/wp\/v2\/product\/1238","targetHints":{"allow":["GET"]}}],"collection":[{"href":"https:\/\/bellocapricho.com.br\/loja\/index.php\/wp-json\/wp\/v2\/product"}],"about":[{"href":"https:\/\/bellocapricho.com.br\/loja\/index.php\/wp-json\/wp\/v2\/types\/product"}],"wp:featuredmedia":[{"embeddable":true,"href":"https:\/\/bellocapricho.com.br\/loja\/index.php\/wp-json\/wp\/v2\/media\/1272"}],"wp:attachment":[{"href":"https:\/\/bellocapricho.com.br\/loja\/index.php\/wp-json\/wp\/v2\/media?parent=1238"}],"wp:term":[{"taxonomy":"product_brand","embeddable":true,"href":"https:\/\/bellocapricho.com.br\/loja\/index.php\/wp-json\/wp\/v2\/product_brand?post=1238"},{"taxonomy":"product_cat","embeddable":true,"href":"https:\/\/bellocapricho.com.br\/loja\/index.php\/wp-json\/wp\/v2\/product_cat?post=1238"},{"taxonomy":"product_tag","embeddable":true,"href":"https:\/\/bellocapricho.com.br\/loja\/index.php\/wp-json\/wp\/v2\/product_tag?post=1238"}],"curies":[{"name":"wp","href":"https:\/\/api.w.org\/{rel}","templated":true}]}}