{"id":1235,"date":"2024-10-31T16:16:02","date_gmt":"2024-10-31T19:16:02","guid":{"rendered":"https:\/\/bellocapricho.com.br\/loja\/?post_type=product&#038;p=1235"},"modified":"2026-04-05T06:36:47","modified_gmt":"2026-04-05T09:36:47","slug":"vassoura-novica-original","status":"publish","type":"product","link":"https:\/\/bellocapricho.com.br\/loja\/index.php\/produto\/vassoura-novica-original\/","title":{"rendered":"Vassoura Novi\u00e7a Original"},"content":{"rendered":"<p>Para retirar toda a poeira do ch\u00e3o, uma vassoura n\u00e3o pode faltar! A Novi\u00e7a Original, que possui duas tecnologias exclusivas da marca, a Multiuso DUO com dois tipos de cerdas, firmes e macias para utiliza\u00e7\u00e3o em ambientes internos e externos e a tecnologia Max Protect, que protege os cabos contra quebra e oxida\u00e7\u00e3o, tornando o produto mais resistente.<\/p>\n<p>Dimens\u00f5es do produto sem cabo: 31,5x19x6,5cm<br \/>\nDimens\u00f5es do cabo: 112,5&#215;2,1&#215;2,1cm<\/p>\n","protected":false},"excerpt":{"rendered":"<p>Para retirar toda a poeira do ch\u00e3o, uma vassoura n\u00e3o pode faltar! A Novi\u00e7a Original, que possui duas tecnologias exclusivas da marca, a Multiuso DUO com dois tipos de cerdas, firmes e macias para utiliza\u00e7\u00e3o em ambientes internos e externos e a tecnologia Max Protect,&hellip;<\/p>\n","protected":false},"featured_media":1262,"template":"","meta":[],"product_brand":[],"product_cat":[47,54,76],"product_tag":[],"class_list":{"0":"post-1235","1":"product","2":"type-product","3":"status-publish","4":"has-post-thumbnail","6":"product_cat-equipamentos-de-limpeza","7":"product_cat-limpeza-diaria","8":"product_cat-vassouras","10":"first","11":"outofstock","12":"shipping-taxable","13":"purchasable","14":"product-type-simple"},"_links":{"self":[{"href":"https:\/\/bellocapricho.com.br\/loja\/index.php\/wp-json\/wp\/v2\/product\/1235","targetHints":{"allow":["GET"]}}],"collection":[{"href":"https:\/\/bellocapricho.com.br\/loja\/index.php\/wp-json\/wp\/v2\/product"}],"about":[{"href":"https:\/\/bellocapricho.com.br\/loja\/index.php\/wp-json\/wp\/v2\/types\/product"}],"wp:featuredmedia":[{"embeddable":true,"href":"https:\/\/bellocapricho.com.br\/loja\/index.php\/wp-json\/wp\/v2\/media\/1262"}],"wp:attachment":[{"href":"https:\/\/bellocapricho.com.br\/loja\/index.php\/wp-json\/wp\/v2\/media?parent=1235"}],"wp:term":[{"taxonomy":"product_brand","embeddable":true,"href":"https:\/\/bellocapricho.com.br\/loja\/index.php\/wp-json\/wp\/v2\/product_brand?post=1235"},{"taxonomy":"product_cat","embeddable":true,"href":"https:\/\/bellocapricho.com.br\/loja\/index.php\/wp-json\/wp\/v2\/product_cat?post=1235"},{"taxonomy":"product_tag","embeddable":true,"href":"https:\/\/bellocapricho.com.br\/loja\/index.php\/wp-json\/wp\/v2\/product_tag?post=1235"}],"curies":[{"name":"wp","href":"https:\/\/api.w.org\/{rel}","templated":true}]}}