{"id":1193,"date":"2024-09-16T16:02:20","date_gmt":"2024-09-16T19:02:20","guid":{"rendered":"https:\/\/bellocapricho.com.br\/loja\/?post_type=product&#038;p=1193"},"modified":"2026-04-04T10:30:09","modified_gmt":"2026-04-04T13:30:09","slug":"essencia-hidrossoluvel-maca-com-canela-via-aroma-30ml","status":"publish","type":"product","link":"https:\/\/bellocapricho.com.br\/loja\/index.php\/produto\/essencia-hidrossoluvel-maca-com-canela-via-aroma-30ml\/","title":{"rendered":"Ess\u00eancia Hidrossol\u00favel Ma\u00e7\u00e3 com Canela Via Aroma &#8211; 30ml"},"content":{"rendered":"<p>Quente, frutal e envolvente, a Ess\u00eancia Hidrossol\u00favel Ma\u00e7\u00e3 com Canela traz mais sofistica\u00e7\u00e3o aos seus ambientes. Feitas especialmente para usar no Difusor Ultrass\u00f4nico, as fragr\u00e2ncias hidrossol\u00faveis da Linha Cl\u00e1ssica oferecem perfumes duradouros que podem ser usados em todos os espa\u00e7os e trazem sensa\u00e7\u00f5es de bem-estar ao seu dia a dia.<br \/>\nA ma\u00e7\u00e3 \u00e9 o pomo de ouro mitol\u00f3gico, buscado por her\u00f3is em suas aventuras \u00e9picas e ligado a diversas mitologias como um s\u00edmbolo de prosperidade. Ali\u00e1s, as ma\u00e7\u00e3s s\u00e3o consideradas parte da fam\u00edlia das rosas, junto das peras e ameixas. Junto das especiarias como a canela, cria uma fragr\u00e2ncia radiante e rom\u00e2ntica, ideal para criar atmosfera agrad\u00e1vel e remeter a boas lembran\u00e7as.<br \/>\nA fragr\u00e2ncia Ma\u00e7\u00e3 com Canela Via Aroma \u00e9 um deleite com suas notas marcantes e intensas trazidas pelas especiarias como canela e noz moscada, unidas a um doce aroma frutal. A combina\u00e7\u00e3o \u00e9 m\u00e1gica, traz uma agrad\u00e1vel sensa\u00e7\u00e3o de calor e sofistica\u00e7\u00e3o ao ambiente.<\/p>\n","protected":false},"excerpt":{"rendered":"<p>Quente, frutal e envolvente, a Ess\u00eancia Hidrossol\u00favel Ma\u00e7\u00e3 com Canela traz mais sofistica\u00e7\u00e3o aos seus ambientes. Feitas especialmente para usar no Difusor Ultrass\u00f4nico, as fragr\u00e2ncias hidrossol\u00faveis da Linha Cl\u00e1ssica oferecem perfumes duradouros que podem ser usados em todos os espa\u00e7os e trazem sensa\u00e7\u00f5es de bem-estar&hellip;<\/p>\n","protected":false},"featured_media":1215,"template":"","meta":[],"product_brand":[],"product_cat":[55],"product_tag":[],"class_list":{"0":"post-1193","1":"product","2":"type-product","3":"status-publish","4":"has-post-thumbnail","6":"product_cat-essencias","8":"first","9":"outofstock","10":"shipping-taxable","11":"purchasable","12":"product-type-simple"},"_links":{"self":[{"href":"https:\/\/bellocapricho.com.br\/loja\/index.php\/wp-json\/wp\/v2\/product\/1193","targetHints":{"allow":["GET"]}}],"collection":[{"href":"https:\/\/bellocapricho.com.br\/loja\/index.php\/wp-json\/wp\/v2\/product"}],"about":[{"href":"https:\/\/bellocapricho.com.br\/loja\/index.php\/wp-json\/wp\/v2\/types\/product"}],"wp:featuredmedia":[{"embeddable":true,"href":"https:\/\/bellocapricho.com.br\/loja\/index.php\/wp-json\/wp\/v2\/media\/1215"}],"wp:attachment":[{"href":"https:\/\/bellocapricho.com.br\/loja\/index.php\/wp-json\/wp\/v2\/media?parent=1193"}],"wp:term":[{"taxonomy":"product_brand","embeddable":true,"href":"https:\/\/bellocapricho.com.br\/loja\/index.php\/wp-json\/wp\/v2\/product_brand?post=1193"},{"taxonomy":"product_cat","embeddable":true,"href":"https:\/\/bellocapricho.com.br\/loja\/index.php\/wp-json\/wp\/v2\/product_cat?post=1193"},{"taxonomy":"product_tag","embeddable":true,"href":"https:\/\/bellocapricho.com.br\/loja\/index.php\/wp-json\/wp\/v2\/product_tag?post=1193"}],"curies":[{"name":"wp","href":"https:\/\/api.w.org\/{rel}","templated":true}]}}