{"id":1191,"date":"2024-09-16T15:57:36","date_gmt":"2024-09-16T18:57:36","guid":{"rendered":"https:\/\/bellocapricho.com.br\/loja\/?post_type=product&#038;p=1191"},"modified":"2026-04-04T10:30:09","modified_gmt":"2026-04-04T13:30:09","slug":"essencia-hidrossoluvel-lavanda-via-aroma-30ml","status":"publish","type":"product","link":"https:\/\/bellocapricho.com.br\/loja\/index.php\/produto\/essencia-hidrossoluvel-lavanda-via-aroma-30ml\/","title":{"rendered":"Ess\u00eancia Hidrossol\u00favel Lavanda Via Aroma &#8211; 30ml"},"content":{"rendered":"<p>Floral, relaxante e calmante, a Ess\u00eancia Hidrossol\u00favel Lavanda traz mais sofistica\u00e7\u00e3o aos seus ambientes. Feitas especialmente para usar no Difusor Ultrass\u00f4nico, as fragr\u00e2ncias hidrossol\u00faveis da Linha Cl\u00e1ssica oferecem perfumes duradouros que podem ser usados em todos os espa\u00e7os e trazem sensa\u00e7\u00f5es de bem-estar ao seu dia a dia.<br \/>\nLavanda \u00e9 uma linda flor roxa associada \u00e0 calma e limpeza, desde a Roma antiga este aroma \u00e9 utilizado em banhos relaxantes. Famosa por tingir paisagens de lil\u00e1s e por suas propriedades estabilizantes, a lavanda traz ao ambiente harmonia, frescor e tranquilidade.<br \/>\nA fragr\u00e2ncia Lavanda Via Aroma traz calmaria em meio a tempestade de pensamentos do dia a dia. Tranquilizante e relaxante, esse aroma \u00e9 muito caracter\u00edstico da planta, com algumas notas florais e bals\u00e2micas para encorpar a fragr\u00e2ncia e deixar sua casa ainda mais cheirosa. Ideal para deixar o ambiente agradavelmente perfumado e com sensa\u00e7\u00e3o de limpeza.<\/p>\n","protected":false},"excerpt":{"rendered":"<p>Floral, relaxante e calmante, a Ess\u00eancia Hidrossol\u00favel Lavanda traz mais sofistica\u00e7\u00e3o aos seus ambientes. Feitas especialmente para usar no Difusor Ultrass\u00f4nico, as fragr\u00e2ncias hidrossol\u00faveis da Linha Cl\u00e1ssica oferecem perfumes duradouros que podem ser usados em todos os espa\u00e7os e trazem sensa\u00e7\u00f5es de bem-estar ao seu&hellip;<\/p>\n","protected":false},"featured_media":1213,"template":"","meta":[],"product_brand":[],"product_cat":[55],"product_tag":[],"class_list":{"0":"post-1191","1":"product","2":"type-product","3":"status-publish","4":"has-post-thumbnail","6":"product_cat-essencias","8":"first","9":"outofstock","10":"shipping-taxable","11":"purchasable","12":"product-type-simple"},"_links":{"self":[{"href":"https:\/\/bellocapricho.com.br\/loja\/index.php\/wp-json\/wp\/v2\/product\/1191","targetHints":{"allow":["GET"]}}],"collection":[{"href":"https:\/\/bellocapricho.com.br\/loja\/index.php\/wp-json\/wp\/v2\/product"}],"about":[{"href":"https:\/\/bellocapricho.com.br\/loja\/index.php\/wp-json\/wp\/v2\/types\/product"}],"wp:featuredmedia":[{"embeddable":true,"href":"https:\/\/bellocapricho.com.br\/loja\/index.php\/wp-json\/wp\/v2\/media\/1213"}],"wp:attachment":[{"href":"https:\/\/bellocapricho.com.br\/loja\/index.php\/wp-json\/wp\/v2\/media?parent=1191"}],"wp:term":[{"taxonomy":"product_brand","embeddable":true,"href":"https:\/\/bellocapricho.com.br\/loja\/index.php\/wp-json\/wp\/v2\/product_brand?post=1191"},{"taxonomy":"product_cat","embeddable":true,"href":"https:\/\/bellocapricho.com.br\/loja\/index.php\/wp-json\/wp\/v2\/product_cat?post=1191"},{"taxonomy":"product_tag","embeddable":true,"href":"https:\/\/bellocapricho.com.br\/loja\/index.php\/wp-json\/wp\/v2\/product_tag?post=1191"}],"curies":[{"name":"wp","href":"https:\/\/api.w.org\/{rel}","templated":true}]}}