{"id":1189,"date":"2024-09-16T15:52:39","date_gmt":"2024-09-16T18:52:39","guid":{"rendered":"https:\/\/bellocapricho.com.br\/loja\/?post_type=product&#038;p=1189"},"modified":"2026-04-04T18:43:49","modified_gmt":"2026-04-04T21:43:49","slug":"essencia-hidrossoluvel-capim-limao-via-aroma-30ml","status":"publish","type":"product","link":"https:\/\/bellocapricho.com.br\/loja\/index.php\/produto\/essencia-hidrossoluvel-capim-limao-via-aroma-30ml\/","title":{"rendered":"Ess\u00eancia Hidrossol\u00favel Capim Lim\u00e3o Via Aroma &#8211; 30ml"},"content":{"rendered":"<p>Herbal, refrescante e c\u00edtrica, a Ess\u00eancia Hidrossol\u00favel Capim Lim\u00e3o Via Aroma traz mais sofistica\u00e7\u00e3o e leveza aos seus ambientes. As fragr\u00e2ncias da Linha Cl\u00e1ssica oferecem perfumes duradouros que podem ser usados em todos os espa\u00e7os e trazem sensa\u00e7\u00f5es de bem-estar ao seu dia a dia.<\/p>\n<p>Aromatizante para ambientes;<br \/>\nF\u00f3rmula exclusiva, a base de \u00e1gua;<br \/>\nIdeal para uso no Difusor Ultrass\u00f4nico.<\/p>\n<p>Uma das plantas com maior variedade de nomes populares, o Capim Lim\u00e3o tamb\u00e9m \u00e9 conhecido como capim-cheiroso, lemongrass, erva-cidreira, capim-cidreira, capim-santo, capim-de-cheiro e outras in\u00fameras denomina\u00e7\u00f5es, dependendo da regi\u00e3o onde voc\u00ea est\u00e1. Mas n\u00e3o importa como \u00e9 chamado, pois o seu aroma \u00e9 inconfund\u00edvel e muito agrad\u00e1vel.<br \/>\nA fragr\u00e2ncia Capim Lim\u00e3o Via Aroma \u00e9 refrescante demais, perfeita para trazer a sensa\u00e7\u00e3o de est\u00edmulo e vigor ao ambiente. Com notas herbais caracter\u00edsticas da plantinha de mesmo nome, traz a leveza e o bem-estar associados \u00e0 natureza para dentro da sua casa.<\/p>\n","protected":false},"excerpt":{"rendered":"<p>Herbal, refrescante e c\u00edtrica, a Ess\u00eancia Hidrossol\u00favel Capim Lim\u00e3o Via Aroma traz mais sofistica\u00e7\u00e3o e leveza aos seus ambientes. As fragr\u00e2ncias da Linha Cl\u00e1ssica oferecem perfumes duradouros que podem ser usados em todos os espa\u00e7os e trazem sensa\u00e7\u00f5es de bem-estar ao seu dia a dia.&hellip;<\/p>\n","protected":false},"featured_media":1211,"template":"","meta":[],"product_brand":[],"product_cat":[55],"product_tag":[],"class_list":{"0":"post-1189","1":"product","2":"type-product","3":"status-publish","4":"has-post-thumbnail","6":"product_cat-essencias","8":"first","9":"outofstock","10":"shipping-taxable","11":"purchasable","12":"product-type-simple"},"_links":{"self":[{"href":"https:\/\/bellocapricho.com.br\/loja\/index.php\/wp-json\/wp\/v2\/product\/1189","targetHints":{"allow":["GET"]}}],"collection":[{"href":"https:\/\/bellocapricho.com.br\/loja\/index.php\/wp-json\/wp\/v2\/product"}],"about":[{"href":"https:\/\/bellocapricho.com.br\/loja\/index.php\/wp-json\/wp\/v2\/types\/product"}],"wp:featuredmedia":[{"embeddable":true,"href":"https:\/\/bellocapricho.com.br\/loja\/index.php\/wp-json\/wp\/v2\/media\/1211"}],"wp:attachment":[{"href":"https:\/\/bellocapricho.com.br\/loja\/index.php\/wp-json\/wp\/v2\/media?parent=1189"}],"wp:term":[{"taxonomy":"product_brand","embeddable":true,"href":"https:\/\/bellocapricho.com.br\/loja\/index.php\/wp-json\/wp\/v2\/product_brand?post=1189"},{"taxonomy":"product_cat","embeddable":true,"href":"https:\/\/bellocapricho.com.br\/loja\/index.php\/wp-json\/wp\/v2\/product_cat?post=1189"},{"taxonomy":"product_tag","embeddable":true,"href":"https:\/\/bellocapricho.com.br\/loja\/index.php\/wp-json\/wp\/v2\/product_tag?post=1189"}],"curies":[{"name":"wp","href":"https:\/\/api.w.org\/{rel}","templated":true}]}}