{"id":1178,"date":"2024-09-16T14:50:41","date_gmt":"2024-09-16T17:50:41","guid":{"rendered":"https:\/\/bellocapricho.com.br\/loja\/?post_type=product&#038;p=1178"},"modified":"2026-04-04T15:21:48","modified_gmt":"2026-04-04T18:21:48","slug":"essencia-tranquilidade-sensacoes-via-aroma-10ml","status":"publish","type":"product","link":"https:\/\/bellocapricho.com.br\/loja\/index.php\/produto\/essencia-tranquilidade-sensacoes-via-aroma-10ml\/","title":{"rendered":"Ess\u00eancia Tranquilidade (Sensa\u00e7\u00f5es) Via Aroma &#8211; 10ml"},"content":{"rendered":"<p>A Ess\u00eancia Tranquilidade Via Aroma possui \u00f3leos essenciais de Ger\u00e2nio da \u00c1frica, Coentro, Cardamomo e Patchoulli. A presen\u00e7a dos \u00f3leos essenciais proporciona sensa\u00e7\u00e3o de calmaria e tranquilidade, proporcionando um ambiente isento de agita\u00e7\u00f5es e inquieta\u00e7\u00f5es. Sua fragr\u00e2ncia \u00e9 c\u00edtrica oz\u00f4nica com toques ambarados.<\/p>\n","protected":false},"excerpt":{"rendered":"<p>A Ess\u00eancia Tranquilidade Via Aroma possui \u00f3leos essenciais de Ger\u00e2nio da \u00c1frica, Coentro, Cardamomo e Patchoulli. A presen\u00e7a dos \u00f3leos essenciais proporciona sensa\u00e7\u00e3o de calmaria e tranquilidade, proporcionando um ambiente isento de agita\u00e7\u00f5es e inquieta\u00e7\u00f5es. Sua fragr\u00e2ncia \u00e9 c\u00edtrica oz\u00f4nica com toques ambarados.<\/p>\n","protected":false},"featured_media":1199,"template":"","meta":[],"product_brand":[],"product_cat":[55],"product_tag":[],"class_list":{"0":"post-1178","1":"product","2":"type-product","3":"status-publish","4":"has-post-thumbnail","6":"product_cat-essencias","8":"first","9":"outofstock","10":"shipping-taxable","11":"purchasable","12":"product-type-simple"},"_links":{"self":[{"href":"https:\/\/bellocapricho.com.br\/loja\/index.php\/wp-json\/wp\/v2\/product\/1178","targetHints":{"allow":["GET"]}}],"collection":[{"href":"https:\/\/bellocapricho.com.br\/loja\/index.php\/wp-json\/wp\/v2\/product"}],"about":[{"href":"https:\/\/bellocapricho.com.br\/loja\/index.php\/wp-json\/wp\/v2\/types\/product"}],"wp:featuredmedia":[{"embeddable":true,"href":"https:\/\/bellocapricho.com.br\/loja\/index.php\/wp-json\/wp\/v2\/media\/1199"}],"wp:attachment":[{"href":"https:\/\/bellocapricho.com.br\/loja\/index.php\/wp-json\/wp\/v2\/media?parent=1178"}],"wp:term":[{"taxonomy":"product_brand","embeddable":true,"href":"https:\/\/bellocapricho.com.br\/loja\/index.php\/wp-json\/wp\/v2\/product_brand?post=1178"},{"taxonomy":"product_cat","embeddable":true,"href":"https:\/\/bellocapricho.com.br\/loja\/index.php\/wp-json\/wp\/v2\/product_cat?post=1178"},{"taxonomy":"product_tag","embeddable":true,"href":"https:\/\/bellocapricho.com.br\/loja\/index.php\/wp-json\/wp\/v2\/product_tag?post=1178"}],"curies":[{"name":"wp","href":"https:\/\/api.w.org\/{rel}","templated":true}]}}