{"id":1078,"date":"2024-07-29T19:09:38","date_gmt":"2024-07-29T22:09:38","guid":{"rendered":"https:\/\/bellocapricho.com.br\/loja\/?post_type=product&#038;p=1078"},"modified":"2026-04-04T18:35:04","modified_gmt":"2026-04-04T21:35:04","slug":"limpador-perfumado-com-alcool-5l-lavanda-com-citronela","status":"publish","type":"product","link":"https:\/\/bellocapricho.com.br\/loja\/index.php\/produto\/limpador-perfumado-com-alcool-5l-lavanda-com-citronela\/","title":{"rendered":"Limpador Perfumado com \u00c1lcool 5L &#8211; Lavanda com Citronela"},"content":{"rendered":"<p>O LIMPADOR COM \u00c1LCOOL PERFUMADO PERFUMA LAR une tr\u00eas a\u00e7\u00f5es em um \u00fanico produto: poder de limpeza, secagem r\u00e1pida do \u00e1lcool e o poder de perfumar seu ambiente com agrad\u00e1veis fragr\u00e2ncias. Pode ser aplicado em superf\u00edcies brilhantes, f\u00f3rmicas, azulejos, box de banheiro, pisos, banheiro e cozinha.<\/p>\n","protected":false},"excerpt":{"rendered":"<p>O LIMPADOR COM \u00c1LCOOL PERFUMADO PERFUMA LAR une tr\u00eas a\u00e7\u00f5es em um \u00fanico produto: poder de limpeza, secagem r\u00e1pida do \u00e1lcool e o poder de perfumar seu ambiente com agrad\u00e1veis fragr\u00e2ncias. Pode ser aplicado em superf\u00edcies brilhantes, f\u00f3rmicas, azulejos, box de banheiro, pisos, banheiro e&hellip;<\/p>\n","protected":false},"featured_media":1079,"template":"","meta":[],"product_brand":[],"product_cat":[54],"product_tag":[],"class_list":{"0":"post-1078","1":"product","2":"type-product","3":"status-publish","4":"has-post-thumbnail","6":"product_cat-limpeza-diaria","8":"first","9":"outofstock","10":"shipping-taxable","11":"purchasable","12":"product-type-simple"},"_links":{"self":[{"href":"https:\/\/bellocapricho.com.br\/loja\/index.php\/wp-json\/wp\/v2\/product\/1078","targetHints":{"allow":["GET"]}}],"collection":[{"href":"https:\/\/bellocapricho.com.br\/loja\/index.php\/wp-json\/wp\/v2\/product"}],"about":[{"href":"https:\/\/bellocapricho.com.br\/loja\/index.php\/wp-json\/wp\/v2\/types\/product"}],"wp:featuredmedia":[{"embeddable":true,"href":"https:\/\/bellocapricho.com.br\/loja\/index.php\/wp-json\/wp\/v2\/media\/1079"}],"wp:attachment":[{"href":"https:\/\/bellocapricho.com.br\/loja\/index.php\/wp-json\/wp\/v2\/media?parent=1078"}],"wp:term":[{"taxonomy":"product_brand","embeddable":true,"href":"https:\/\/bellocapricho.com.br\/loja\/index.php\/wp-json\/wp\/v2\/product_brand?post=1078"},{"taxonomy":"product_cat","embeddable":true,"href":"https:\/\/bellocapricho.com.br\/loja\/index.php\/wp-json\/wp\/v2\/product_cat?post=1078"},{"taxonomy":"product_tag","embeddable":true,"href":"https:\/\/bellocapricho.com.br\/loja\/index.php\/wp-json\/wp\/v2\/product_tag?post=1078"}],"curies":[{"name":"wp","href":"https:\/\/api.w.org\/{rel}","templated":true}]}}