{"id":1047,"date":"2024-07-26T17:52:46","date_gmt":"2024-07-26T20:52:46","guid":{"rendered":"https:\/\/bellocapricho.com.br\/loja\/?post_type=product&#038;p=1047"},"modified":"2026-04-04T18:50:07","modified_gmt":"2026-04-04T21:50:07","slug":"lava-roupas-em-po-omo-lavagem-perfeita-800g","status":"publish","type":"product","link":"https:\/\/bellocapricho.com.br\/loja\/index.php\/produto\/lava-roupas-em-po-omo-lavagem-perfeita-800g\/","title":{"rendered":"Lava Roupas em P\u00f3 OMO Lavagem Perfeita &#8211; 800g"},"content":{"rendered":"<p>OMO Lavagem Perfeita em p\u00f3 est\u00e1 com nova f\u00f3rmula Biotecnologia + Anti-Res\u00edduos! Al\u00e9m da limpeza imbat\u00edvel\u00b9, proporciona zero danos de res\u00edduos de sab\u00e3o nas roupas e ainda se preocupa com o meio ambiente. Al\u00e9m disso, o sab\u00e3o em p\u00f3 OMO Lavagem Perfeita possui ingredientes biodegrad\u00e1veis e embalagem de 800g que rende igual a 1kg, que rende 10 lavagens. \u00c9 muito poder, \u00e9 muito cuidado.<\/p>\n","protected":false},"excerpt":{"rendered":"<p>OMO Lavagem Perfeita em p\u00f3 est\u00e1 com nova f\u00f3rmula Biotecnologia + Anti-Res\u00edduos! Al\u00e9m da limpeza imbat\u00edvel\u00b9, proporciona zero danos de res\u00edduos de sab\u00e3o nas roupas e ainda se preocupa com o meio ambiente. Al\u00e9m disso, o sab\u00e3o em p\u00f3 OMO Lavagem Perfeita possui ingredientes biodegrad\u00e1veis&hellip;<\/p>\n","protected":false},"featured_media":1048,"template":"","meta":[],"product_brand":[],"product_cat":[42],"product_tag":[],"class_list":{"0":"post-1047","1":"product","2":"type-product","3":"status-publish","4":"has-post-thumbnail","6":"product_cat-lavanderia","8":"first","9":"instock","10":"shipping-taxable","11":"purchasable","12":"product-type-simple"},"_links":{"self":[{"href":"https:\/\/bellocapricho.com.br\/loja\/index.php\/wp-json\/wp\/v2\/product\/1047","targetHints":{"allow":["GET"]}}],"collection":[{"href":"https:\/\/bellocapricho.com.br\/loja\/index.php\/wp-json\/wp\/v2\/product"}],"about":[{"href":"https:\/\/bellocapricho.com.br\/loja\/index.php\/wp-json\/wp\/v2\/types\/product"}],"wp:featuredmedia":[{"embeddable":true,"href":"https:\/\/bellocapricho.com.br\/loja\/index.php\/wp-json\/wp\/v2\/media\/1048"}],"wp:attachment":[{"href":"https:\/\/bellocapricho.com.br\/loja\/index.php\/wp-json\/wp\/v2\/media?parent=1047"}],"wp:term":[{"taxonomy":"product_brand","embeddable":true,"href":"https:\/\/bellocapricho.com.br\/loja\/index.php\/wp-json\/wp\/v2\/product_brand?post=1047"},{"taxonomy":"product_cat","embeddable":true,"href":"https:\/\/bellocapricho.com.br\/loja\/index.php\/wp-json\/wp\/v2\/product_cat?post=1047"},{"taxonomy":"product_tag","embeddable":true,"href":"https:\/\/bellocapricho.com.br\/loja\/index.php\/wp-json\/wp\/v2\/product_tag?post=1047"}],"curies":[{"name":"wp","href":"https:\/\/api.w.org\/{rel}","templated":true}]}}